{"id":2385,"date":"2024-02-03T14:00:42","date_gmt":"2024-02-03T14:00:42","guid":{"rendered":"https:\/\/ee2.put.poznan.pl\/?page_id=2385"},"modified":"2024-02-03T14:06:52","modified_gmt":"2024-02-03T14:06:52","slug":"rafal-brodziak","status":"publish","type":"page","link":"http:\/\/ee2.put.poznan.pl\/index.php\/o-instytucie\/kadra\/rafal-brodziak\/","title":{"rendered":"dr in\u017c. Rafa\u0142 Brodziak"},"content":{"rendered":"\t\t<div data-elementor-type=\"wp-page\" data-elementor-id=\"2385\" class=\"elementor elementor-2385\">\n\t\t\t\t\t\t<section class=\"elementor-section elementor-top-section elementor-element elementor-element-f1786b9 elementor-section-boxed elementor-section-height-default elementor-section-height-default\" data-id=\"f1786b9\" data-element_type=\"section\" data-e-type=\"section\">\n\t\t\t\t\t\t<div class=\"elementor-container elementor-column-gap-default\">\n\t\t\t\t\t<div class=\"elementor-column elementor-col-66 elementor-top-column elementor-element elementor-element-b39b0d7\" data-id=\"b39b0d7\" data-element_type=\"column\" data-e-type=\"column\">\n\t\t\t<div class=\"elementor-widget-wrap elementor-element-populated\">\n\t\t\t\t\t\t<div class=\"elementor-element elementor-element-73ab9c6 elementor-widget elementor-widget-text-editor\" data-id=\"73ab9c6\" data-element_type=\"widget\" data-e-type=\"widget\" data-widget_type=\"text-editor.default\">\n\t\t\t\t<div class=\"elementor-widget-container\">\n\t\t\t\t\t\t\t\t\t<p>Zak\u0142ad Zaopatrzenia w Wod\u0119 i Biogospodarki<\/p>\t\t\t\t\t\t\t\t<\/div>\n\t\t\t\t<\/div>\n\t\t\t\t<div class=\"elementor-element elementor-element-e420364 e-transform elementor-widget-divider--view-line elementor-invisible elementor-widget elementor-widget-divider\" data-id=\"e420364\" data-element_type=\"widget\" data-e-type=\"widget\" data-settings=\"{&quot;_animation&quot;:&quot;fadeInUp&quot;,&quot;_transform_scale_effect&quot;:{&quot;unit&quot;:&quot;px&quot;,&quot;size&quot;:&quot;&quot;,&quot;sizes&quot;:[]},&quot;_transform_scale_effect_tablet&quot;:{&quot;unit&quot;:&quot;px&quot;,&quot;size&quot;:&quot;&quot;,&quot;sizes&quot;:[]},&quot;_transform_scale_effect_mobile&quot;:{&quot;unit&quot;:&quot;px&quot;,&quot;size&quot;:&quot;&quot;,&quot;sizes&quot;:[]}}\" data-widget_type=\"divider.default\">\n\t\t\t\t<div class=\"elementor-widget-container\">\n\t\t\t\t\t\t\t<div class=\"elementor-divider\">\n\t\t\t<span class=\"elementor-divider-separator\">\n\t\t\t\t\t\t<\/span>\n\t\t<\/div>\n\t\t\t\t\t\t<\/div>\n\t\t\t\t<\/div>\n\t\t\t\t<div class=\"elementor-element elementor-element-90160e0 elementor-widget elementor-widget-text-editor\" data-id=\"90160e0\" data-element_type=\"widget\" data-e-type=\"widget\" data-widget_type=\"text-editor.default\">\n\t\t\t\t<div class=\"elementor-widget-container\">\n\t\t\t\t\t\t\t\t\t<p>Profil w Systemie Informacji Naukowej PP: <a href=\"https:\/\/sin.put.poznan.pl\/people\/details\/rafal.brodziak\" target=\"_blank\" rel=\"noreferrer noopener\">Rafa\u0142 Brodziak SIN<\/a><\/p><p>E-mail: <a href=\"mailto:rafal.brodziak@put.poznan.pl\">rafal.brodziak@put.poznan.pl<\/a><\/p><p style=\"font-style: normal; font-variant-ligatures: normal; font-variant-caps: normal; font-weight: 400; font-size: 15px; font-family: Roboto, sans-serif; text-indent: 0px;\">Pok\u00f3j: 314B budynek WTCH &#8211; <a style=\"font-style: normal; font-variant-ligatures: normal; font-variant-caps: normal; font-weight: 400; font-size: 15px; font-family: Roboto, sans-serif; text-align: inherit;\" href=\"https:\/\/isie.put.poznan.pl\/sites\/default\/files\/2021-11\/Instytut%20In%C5%BCynierii%20%C5%9Arodowiska%20i%20Instalacji%20Budowlanych-konsultacje.pdf\" target=\"_blank\" rel=\"noreferrer noopener\">LINK<\/a><span style=\"font-style: normal; font-variant-ligatures: normal; font-variant-caps: normal; font-weight: 400; font-size: 15px; font-family: Roboto, sans-serif; color: var( --e-global-color-text ); text-align: inherit;\">\u00a0(<\/span><a style=\"font-style: normal; font-variant-ligatures: normal; font-variant-caps: normal; font-weight: 400; font-size: 15px; font-family: Roboto, sans-serif; text-align: inherit;\" href=\"https:\/\/isie.put.poznan.pl\/sites\/default\/files\/inline-files\/OZNACZENIA%20W%20PLANIE%20ZAJ%C4%98%C4%86.pdf\" target=\"_blank\" rel=\"noreferrer noopener\">mapa kampusu<\/a><span style=\"font-style: normal; font-variant-ligatures: normal; font-variant-caps: normal; font-weight: 400; font-size: 15px; font-family: Roboto, sans-serif; color: var( --e-global-color-text ); text-align: inherit;\">)<\/span><\/p><p style=\"font-style: normal; font-variant-ligatures: normal; font-variant-caps: normal; font-weight: 400; font-size: 15px; font-family: Roboto, sans-serif; text-indent: 0px;\">Konsultacje: &#8211;\u00a0<a style=\"font-style: normal; font-variant-ligatures: normal; font-variant-caps: normal; font-weight: 400; font-size: 15px; font-family: Roboto, sans-serif; text-align: inherit;\" href=\"http:\/\/ee2.put.poznan.pl\/wp-content\/uploads\/files\/IISiIB_PUT_konsultacje.pdf\" target=\"_blank\" rel=\"noopener\">LINK (wykaz konsultacji pracownik\u00f3w instytutu)<\/a><\/p>\t\t\t\t\t\t\t\t<\/div>\n\t\t\t\t<\/div>\n\t\t\t\t\t<\/div>\n\t\t<\/div>\n\t\t\t\t<div class=\"elementor-column elementor-col-33 elementor-top-column elementor-element elementor-element-ef92b53\" data-id=\"ef92b53\" data-element_type=\"column\" data-e-type=\"column\">\n\t\t\t<div class=\"elementor-widget-wrap\">\n\t\t\t\t\t\t\t<\/div>\n\t\t<\/div>\n\t\t\t\t\t<\/div>\n\t\t<\/section>\n\t\t\t\t<section class=\"elementor-section elementor-top-section elementor-element elementor-element-e2e9e6c elementor-section-boxed elementor-section-height-default elementor-section-height-default\" data-id=\"e2e9e6c\" data-element_type=\"section\" data-e-type=\"section\">\n\t\t\t\t\t\t<div class=\"elementor-container elementor-column-gap-default\">\n\t\t\t\t\t<div class=\"elementor-column elementor-col-100 elementor-top-column elementor-element elementor-element-26c3bf7\" data-id=\"26c3bf7\" data-element_type=\"column\" data-e-type=\"column\">\n\t\t\t<div class=\"elementor-widget-wrap elementor-element-populated\">\n\t\t\t\t\t\t<div class=\"elementor-element elementor-element-ee11a05 e-transform elementor-widget-divider--view-line elementor-invisible elementor-widget elementor-widget-divider\" data-id=\"ee11a05\" data-element_type=\"widget\" data-e-type=\"widget\" data-settings=\"{&quot;_animation&quot;:&quot;fadeInUp&quot;,&quot;_transform_scale_effect&quot;:{&quot;unit&quot;:&quot;px&quot;,&quot;size&quot;:&quot;&quot;,&quot;sizes&quot;:[]},&quot;_transform_scale_effect_tablet&quot;:{&quot;unit&quot;:&quot;px&quot;,&quot;size&quot;:&quot;&quot;,&quot;sizes&quot;:[]},&quot;_transform_scale_effect_mobile&quot;:{&quot;unit&quot;:&quot;px&quot;,&quot;size&quot;:&quot;&quot;,&quot;sizes&quot;:[]}}\" data-widget_type=\"divider.default\">\n\t\t\t\t<div class=\"elementor-widget-container\">\n\t\t\t\t\t\t\t<div class=\"elementor-divider\">\n\t\t\t<span class=\"elementor-divider-separator\">\n\t\t\t\t\t\t<\/span>\n\t\t<\/div>\n\t\t\t\t\t\t<\/div>\n\t\t\t\t<\/div>\n\t\t\t\t<div class=\"elementor-element elementor-element-0b68af8 elementor-widget elementor-widget-text-editor\" data-id=\"0b68af8\" data-element_type=\"widget\" data-e-type=\"widget\" data-widget_type=\"text-editor.default\">\n\t\t\t\t<div class=\"elementor-widget-container\">\n\t\t\t\t\t\t\t\t\t<h6>Informacje og\u00f3lne<\/h6>\t\t\t\t\t\t\t\t<\/div>\n\t\t\t\t<\/div>\n\t\t\t\t<div class=\"elementor-element elementor-element-eeca271 elementor-widget elementor-widget-text-editor\" data-id=\"eeca271\" data-element_type=\"widget\" data-e-type=\"widget\" data-widget_type=\"text-editor.default\">\n\t\t\t\t<div class=\"elementor-widget-container\">\n\t\t\t\t\t\t\t\t\t<p>Pracownik dydaktyczno-naukowy na stanowisku adiunkta w Instytucie In\u017cynierii \u015arodowiska i Instalacji Budowlanych. Absolwent Wydzia\u0142u Informatyki i Zarz\u0105dzania w specjalno\u015bci Mikrokomputerowe Systemy Sterowania na kierunku Automatyka i Zarz\u0105dzanie. W 2017 r. uzyska\u0142 stopie\u0144 naukowy doktora nauk technicznych. Rozprawa zosta\u0142a wyr\u00f3\u017cniona w konkursie Miasta Poznania za wyr\u00f3\u017cniaj\u0105c\u0105 si\u0119 prac\u0119 &#8211; edycja 2017\/2018. Zainteresowania badawcze koncentruj\u0105 si\u0119 na zastosowaniu metod komputerowych w systemach in\u017cynierii \u015brodowiska, w tym do zaopatrzenia w wod\u0119, m.in. modelowania matematycznego, algorytm\u00f3w optymalizacji i zaawansowanego sterowania procesami, a tak\u017ce problematyka zarz\u0105dzania wok\u00f3\u0142 idei zr\u00f3wnowa\u017conego rozwoju, wykorzystania Internetu Rzeczy oraz rozwoju inteligentnych miast.<\/p>\t\t\t\t\t\t\t\t<\/div>\n\t\t\t\t<\/div>\n\t\t\t\t<div class=\"elementor-element elementor-element-ab9f8c8 elementor-widget elementor-widget-text-editor\" data-id=\"ab9f8c8\" data-element_type=\"widget\" data-e-type=\"widget\" data-widget_type=\"text-editor.default\">\n\t\t\t\t<div class=\"elementor-widget-container\">\n\t\t\t\t\t\t\t\t\t<h6>Zatrudnienie i wykszta\u0142cenie<\/h6>\t\t\t\t\t\t\t\t<\/div>\n\t\t\t\t<\/div>\n\t\t\t\t<div class=\"elementor-element elementor-element-816cfcc elementor-widget elementor-widget-text-editor\" data-id=\"816cfcc\" data-element_type=\"widget\" data-e-type=\"widget\" data-widget_type=\"text-editor.default\">\n\t\t\t\t<div class=\"elementor-widget-container\">\n\t\t\t\t\t\t\t\t\t<ul><li>2018 \u2013 Politechnika Pozna\u0144ska, Wydzia\u0142 In\u017cynierii \u015arodowiska i Energetyki, adiunkt<\/li><li>2017 \u2013 uzyskanie stopnia doktora nauk technicznych. Tytu\u0142 rozprawy doktorskiej: \u201eSynteza scenariuszy eksploatacji i sterowania procesem ujmowania wody metod\u0105 sztucznej infiltracji\u201d<\/li><li>2010 \u2013 2010 \u2013 Department of Information and Communication Engineering, The University of Tokyo, Japan &#8211; 3 miesi\u0119czny sta\u017c naukowy<\/li><li>2009 \u2013 2017 \u2013 Wydzia\u0142 Budownictwa i In\u017cynierii \u015arodowiska, asystent<\/li><li>2009 \u2013 2013 \u2013 Wydzia\u0142 Informatyki, Politechnika Pozna\u0144ska &#8211; studia doktoranckie<\/li><li>2008 \u2013 2009 \u2013 Wydzia\u0142 Informatyki i Zarz\u0105dzania &#8211; studia magisterskie, specjalno\u015b\u0107: Mikrokomputerowe Systemy Sterowania<\/li><li>2004 \u2013 2008 \u2013Wydzia\u0142 Informatyki i Zarz\u0105dzania &#8211; studia in\u017cynierskie, kierunek: Automatyka i Zarz\u0105dzanie<\/li><\/ul>\t\t\t\t\t\t\t\t<\/div>\n\t\t\t\t<\/div>\n\t\t\t\t<div class=\"elementor-element elementor-element-7c6747e elementor-widget elementor-widget-text-editor\" data-id=\"7c6747e\" data-element_type=\"widget\" data-e-type=\"widget\" data-widget_type=\"text-editor.default\">\n\t\t\t\t<div class=\"elementor-widget-container\">\n\t\t\t\t\t\t\t\t\t<h6>Prowadzone zaj\u0119cia dydaktyczne<\/h6>\t\t\t\t\t\t\t\t<\/div>\n\t\t\t\t<\/div>\n\t\t\t\t<div class=\"elementor-element elementor-element-8c5b92e elementor-widget elementor-widget-text-editor\" data-id=\"8c5b92e\" data-element_type=\"widget\" data-e-type=\"widget\" data-widget_type=\"text-editor.default\">\n\t\t\t\t<div class=\"elementor-widget-container\">\n\t\t\t\t\t\t\t\t\t<ul><li>Elementy automatyki \u2013 wyk\u0142ad i laboratorium, studia I stopnia<\/li><li>Optymalizacja i sterowanie w in\u017cynierii \u015brodowiska &#8211; wyk\u0142ad i laboratorium, studia II stopnia<\/li><li>Informatyczne podstawy projektowania &#8211; wyk\u0142ad i laboratorium, studia I stopnia<\/li><li>Technologia informacyjna &#8211; wyk\u0142ad i laboratorium, studia I stopnia<\/li><li>Planowanie przestrzenne i zarz\u0105dzanie infrastruktur\u0105 komunaln\u0105 &#8211; laboratorium, studia I stopnia<\/li><li>Monitorowanie i sterowanie w systemach wodoci\u0105gowych i kanalizacyjnych \u2013 wyk\u0142ad &#8211; studia podyplomowe<\/li><\/ul>\t\t\t\t\t\t\t\t<\/div>\n\t\t\t\t<\/div>\n\t\t\t\t<div class=\"elementor-element elementor-element-4df4957 elementor-widget elementor-widget-text-editor\" data-id=\"4df4957\" data-element_type=\"widget\" data-e-type=\"widget\" data-widget_type=\"text-editor.default\">\n\t\t\t\t<div class=\"elementor-widget-container\">\n\t\t\t\t\t\t\t\t\t<h6><span style=\"font-family: Raleway; font-size: 14.7px; font-style: normal; font-variant-ligatures: normal; font-variant-caps: normal; font-weight: bold;\">Dzia\u0142alno\u015b\u0107 organizacyjna<\/span><\/h6>\t\t\t\t\t\t\t\t<\/div>\n\t\t\t\t<\/div>\n\t\t\t\t<div class=\"elementor-element elementor-element-0d23cd9 elementor-widget elementor-widget-text-editor\" data-id=\"0d23cd9\" data-element_type=\"widget\" data-e-type=\"widget\" data-widget_type=\"text-editor.default\">\n\t\t\t\t<div class=\"elementor-widget-container\">\n\t\t\t\t\t\t\t\t\t<ul><li>Administracja zak\u0142adow\u0105 stron\u0105 internetow\u0105 \u2013 <a href=\"https:\/\/water.put.poznan.pl\">https:\/\/water.put.poznan.pl<\/a><\/li><li>Koordynator zagranicznych praktyk IAESTE przy Instytucie In\u017cynierii \u015arodowiska i Instalacji Budowlanych<\/li><li>Wsp\u00f3\u0142organizator konferencji naukowo-technicznych<\/li><\/ul>\t\t\t\t\t\t\t\t<\/div>\n\t\t\t\t<\/div>\n\t\t\t\t<div class=\"elementor-element elementor-element-40fd1c9 elementor-widget elementor-widget-text-editor\" data-id=\"40fd1c9\" data-element_type=\"widget\" data-e-type=\"widget\" data-widget_type=\"text-editor.default\">\n\t\t\t\t<div class=\"elementor-widget-container\">\n\t\t\t\t\t\t\t\t\t<h6><span style=\"font-family: Raleway; font-size: 14.7px; font-style: normal; font-variant-ligatures: normal; font-variant-caps: normal; font-weight: 700;\">NAGRODY I WYR\u00d3\u017bNIENIA<\/span><br><\/h6>\t\t\t\t\t\t\t\t<\/div>\n\t\t\t\t<\/div>\n\t\t\t\t<div class=\"elementor-element elementor-element-b33c025 elementor-widget elementor-widget-text-editor\" data-id=\"b33c025\" data-element_type=\"widget\" data-e-type=\"widget\" data-widget_type=\"text-editor.default\">\n\t\t\t\t<div class=\"elementor-widget-container\">\n\t\t\t\t\t\t\t\t\t<ul><li>Nagroda Rektora PP za dzia\u0142alno\u015b\u0107 organizacyjn\u0105<\/li><\/ul>\t\t\t\t\t\t\t\t<\/div>\n\t\t\t\t<\/div>\n\t\t\t\t\t<\/div>\n\t\t<\/div>\n\t\t\t\t\t<\/div>\n\t\t<\/section>\n\t\t\t\t<\/div>\n\t\t","protected":false},"excerpt":{"rendered":"<p>Zak\u0142ad Zaopatrzenia w Wod\u0119 i Biogospodarki Profil w Systemie Informacji Naukowej PP: Rafa\u0142 Brodziak SIN E-mail: rafal.brodziak@put.poznan.pl Pok\u00f3j: 314B budynek WTCH &#8211; LINK\u00a0(mapa kampusu) Konsultacje: &#8211;\u00a0LINK (wykaz konsultacji pracownik\u00f3w instytutu) Informacje og\u00f3lne Pracownik dydaktyczno-naukowy na stanowisku adiunkta w Instytucie In\u017cynierii \u015arodowiska i Instalacji Budowlanych. Absolwent Wydzia\u0142u Informatyki i Zarz\u0105dzania w &hellip;<\/p>\n","protected":false},"author":2,"featured_media":0,"parent":214,"menu_order":0,"comment_status":"closed","ping_status":"closed","template":"","meta":{"_monsterinsights_skip_tracking":false,"_monsterinsights_sitenote_active":false,"_monsterinsights_sitenote_note":"","_monsterinsights_sitenote_category":0,"footnotes":""},"class_list":["post-2385","page","type-page","status-publish","hentry"],"_links":{"self":[{"href":"http:\/\/ee2.put.poznan.pl\/index.php\/wp-json\/wp\/v2\/pages\/2385","targetHints":{"allow":["GET"]}}],"collection":[{"href":"http:\/\/ee2.put.poznan.pl\/index.php\/wp-json\/wp\/v2\/pages"}],"about":[{"href":"http:\/\/ee2.put.poznan.pl\/index.php\/wp-json\/wp\/v2\/types\/page"}],"author":[{"embeddable":true,"href":"http:\/\/ee2.put.poznan.pl\/index.php\/wp-json\/wp\/v2\/users\/2"}],"replies":[{"embeddable":true,"href":"http:\/\/ee2.put.poznan.pl\/index.php\/wp-json\/wp\/v2\/comments?post=2385"}],"version-history":[{"count":4,"href":"http:\/\/ee2.put.poznan.pl\/index.php\/wp-json\/wp\/v2\/pages\/2385\/revisions"}],"predecessor-version":[{"id":2389,"href":"http:\/\/ee2.put.poznan.pl\/index.php\/wp-json\/wp\/v2\/pages\/2385\/revisions\/2389"}],"up":[{"embeddable":true,"href":"http:\/\/ee2.put.poznan.pl\/index.php\/wp-json\/wp\/v2\/pages\/214"}],"wp:attachment":[{"href":"http:\/\/ee2.put.poznan.pl\/index.php\/wp-json\/wp\/v2\/media?parent=2385"}],"curies":[{"name":"wp","href":"https:\/\/api.w.org\/{rel}","templated":true}]}}