{"id":2454,"date":"2024-03-07T19:53:42","date_gmt":"2024-03-07T19:53:42","guid":{"rendered":"https:\/\/ee2.put.poznan.pl\/?page_id=2454"},"modified":"2024-03-07T20:14:56","modified_gmt":"2024-03-07T20:14:56","slug":"aleksandra-gesicka","status":"publish","type":"page","link":"http:\/\/ee2.put.poznan.pl\/index.php\/o-instytucie\/kadra\/aleksandra-gesicka\/","title":{"rendered":"mgr in\u017c. Aleksandra G\u0119sicka"},"content":{"rendered":"\t\t<div data-elementor-type=\"wp-page\" data-elementor-id=\"2454\" class=\"elementor elementor-2454\">\n\t\t\t\t\t\t<section class=\"elementor-section elementor-top-section elementor-element elementor-element-9f65d61 elementor-section-boxed elementor-section-height-default elementor-section-height-default\" data-id=\"9f65d61\" data-element_type=\"section\" data-e-type=\"section\">\n\t\t\t\t\t\t<div class=\"elementor-container elementor-column-gap-default\">\n\t\t\t\t\t<div class=\"elementor-column elementor-col-66 elementor-top-column elementor-element elementor-element-dd520fa\" data-id=\"dd520fa\" data-element_type=\"column\" data-e-type=\"column\">\n\t\t\t<div class=\"elementor-widget-wrap elementor-element-populated\">\n\t\t\t\t\t\t<div class=\"elementor-element elementor-element-c0c9a50 elementor-widget elementor-widget-text-editor\" data-id=\"c0c9a50\" data-element_type=\"widget\" data-e-type=\"widget\" data-widget_type=\"text-editor.default\">\n\t\t\t\t<div class=\"elementor-widget-container\">\n\t\t\t\t\t\t\t\t\t<p>Zak\u0142ad Zaopatrzenia w Wod\u0119 i Biogospodarki<\/p>\t\t\t\t\t\t\t\t<\/div>\n\t\t\t\t<\/div>\n\t\t\t\t<div class=\"elementor-element elementor-element-039e943 e-transform elementor-widget-divider--view-line elementor-invisible elementor-widget elementor-widget-divider\" data-id=\"039e943\" data-element_type=\"widget\" data-e-type=\"widget\" data-settings=\"{&quot;_animation&quot;:&quot;fadeInUp&quot;,&quot;_transform_scale_effect&quot;:{&quot;unit&quot;:&quot;px&quot;,&quot;size&quot;:&quot;&quot;,&quot;sizes&quot;:[]},&quot;_transform_scale_effect_tablet&quot;:{&quot;unit&quot;:&quot;px&quot;,&quot;size&quot;:&quot;&quot;,&quot;sizes&quot;:[]},&quot;_transform_scale_effect_mobile&quot;:{&quot;unit&quot;:&quot;px&quot;,&quot;size&quot;:&quot;&quot;,&quot;sizes&quot;:[]}}\" data-widget_type=\"divider.default\">\n\t\t\t\t<div class=\"elementor-widget-container\">\n\t\t\t\t\t\t\t<div class=\"elementor-divider\">\n\t\t\t<span class=\"elementor-divider-separator\">\n\t\t\t\t\t\t<\/span>\n\t\t<\/div>\n\t\t\t\t\t\t<\/div>\n\t\t\t\t<\/div>\n\t\t\t\t<div class=\"elementor-element elementor-element-66548b4 elementor-widget elementor-widget-text-editor\" data-id=\"66548b4\" data-element_type=\"widget\" data-e-type=\"widget\" data-widget_type=\"text-editor.default\">\n\t\t\t\t<div class=\"elementor-widget-container\">\n\t\t\t\t\t\t\t\t\t<p>Profil w Systemie Informacji Naukowej PP: <a href=\"https:\/\/sin.put.poznan.pl\/people\/details\/aleksandra.gesicka\" target=\"_blank\" rel=\"noreferrer noopener\">Aleksandra G\u0119sicka SIN<\/a><\/p><p>E-mail: <a href=\"mailto:aleksandra.gesicka@doctorate.put.poznan.pl\">aleksandra.gesicka@doctorate.put.poznan.pl<\/a><\/p><p style=\"font-style: normal; font-variant-ligatures: normal; font-variant-caps: normal; font-weight: 400; font-size: 15px; font-family: Roboto, sans-serif; text-indent: 0px;\">Pok\u00f3j: 301B, budynek WTCH &#8211; <a style=\"font-style: normal; font-variant-ligatures: normal; font-variant-caps: normal; font-weight: 400; font-size: 15px; font-family: Roboto, sans-serif; text-align: inherit;\" href=\"https:\/\/isie.put.poznan.pl\/sites\/default\/files\/2021-11\/Instytut%20In%C5%BCynierii%20%C5%9Arodowiska%20i%20Instalacji%20Budowlanych-konsultacje.pdf\" target=\"_blank\" rel=\"noreferrer noopener\">LINK<\/a><span style=\"font-style: normal; font-variant-ligatures: normal; font-variant-caps: normal; font-weight: 400; font-size: 15px; font-family: Roboto, sans-serif; color: var( --e-global-color-text ); text-align: inherit;\">\u00a0(<\/span><a style=\"font-style: normal; font-variant-ligatures: normal; font-variant-caps: normal; font-weight: 400; font-size: 15px; font-family: Roboto, sans-serif; text-align: inherit;\" href=\"https:\/\/isie.put.poznan.pl\/sites\/default\/files\/inline-files\/OZNACZENIA%20W%20PLANIE%20ZAJ%C4%98%C4%86.pdf\" target=\"_blank\" rel=\"noreferrer noopener\">mapa kampusu<\/a><span style=\"font-style: normal; font-variant-ligatures: normal; font-variant-caps: normal; font-weight: 400; font-size: 15px; font-family: Roboto, sans-serif; color: var( --e-global-color-text ); text-align: inherit;\">)<\/span><\/p>\t\t\t\t\t\t\t\t<\/div>\n\t\t\t\t<\/div>\n\t\t\t\t\t<\/div>\n\t\t<\/div>\n\t\t\t\t<div class=\"elementor-column elementor-col-33 elementor-top-column elementor-element elementor-element-9d8535f\" data-id=\"9d8535f\" data-element_type=\"column\" data-e-type=\"column\">\n\t\t\t<div class=\"elementor-widget-wrap elementor-element-populated\">\n\t\t\t\t\t\t<div class=\"elementor-element elementor-element-6c2dfb2 elementor-invisible elementor-widget elementor-widget-image\" data-id=\"6c2dfb2\" data-element_type=\"widget\" data-e-type=\"widget\" data-settings=\"{&quot;_animation&quot;:&quot;fadeInUp&quot;}\" data-widget_type=\"image.default\">\n\t\t\t\t<div class=\"elementor-widget-container\">\n\t\t\t\t\t\t\t\t\t\t\t\t\t\t\t<img fetchpriority=\"high\" decoding=\"async\" width=\"200\" height=\"300\" src=\"https:\/\/ee2.put.poznan.pl\/wp-content\/uploads\/2024\/03\/sylwetka_gesicka_aleksandra-200x300.jpg\" class=\"elementor-animation-grow attachment-medium size-medium wp-image-2453\" alt=\"\" srcset=\"https:\/\/ee2.put.poznan.pl\/wp-content\/uploads\/2024\/03\/sylwetka_gesicka_aleksandra-200x300.jpg 200w, https:\/\/ee2.put.poznan.pl\/wp-content\/uploads\/2024\/03\/sylwetka_gesicka_aleksandra.jpg 475w\" sizes=\"(max-width: 200px) 100vw, 200px\" \/>\t\t\t\t\t\t\t\t\t\t\t\t\t\t\t<\/div>\n\t\t\t\t<\/div>\n\t\t\t\t\t<\/div>\n\t\t<\/div>\n\t\t\t\t\t<\/div>\n\t\t<\/section>\n\t\t\t\t<section class=\"elementor-section elementor-top-section elementor-element elementor-element-014acd0 elementor-section-boxed elementor-section-height-default elementor-section-height-default\" data-id=\"014acd0\" data-element_type=\"section\" data-e-type=\"section\">\n\t\t\t\t\t\t<div class=\"elementor-container elementor-column-gap-default\">\n\t\t\t\t\t<div class=\"elementor-column elementor-col-100 elementor-top-column elementor-element elementor-element-a83edb1\" data-id=\"a83edb1\" data-element_type=\"column\" data-e-type=\"column\">\n\t\t\t<div class=\"elementor-widget-wrap elementor-element-populated\">\n\t\t\t\t\t\t<div class=\"elementor-element elementor-element-7620adb e-transform elementor-widget-divider--view-line elementor-invisible elementor-widget elementor-widget-divider\" data-id=\"7620adb\" data-element_type=\"widget\" data-e-type=\"widget\" data-settings=\"{&quot;_animation&quot;:&quot;fadeInUp&quot;,&quot;_transform_scale_effect&quot;:{&quot;unit&quot;:&quot;px&quot;,&quot;size&quot;:&quot;&quot;,&quot;sizes&quot;:[]},&quot;_transform_scale_effect_tablet&quot;:{&quot;unit&quot;:&quot;px&quot;,&quot;size&quot;:&quot;&quot;,&quot;sizes&quot;:[]},&quot;_transform_scale_effect_mobile&quot;:{&quot;unit&quot;:&quot;px&quot;,&quot;size&quot;:&quot;&quot;,&quot;sizes&quot;:[]}}\" data-widget_type=\"divider.default\">\n\t\t\t\t<div class=\"elementor-widget-container\">\n\t\t\t\t\t\t\t<div class=\"elementor-divider\">\n\t\t\t<span class=\"elementor-divider-separator\">\n\t\t\t\t\t\t<\/span>\n\t\t<\/div>\n\t\t\t\t\t\t<\/div>\n\t\t\t\t<\/div>\n\t\t\t\t<div class=\"elementor-element elementor-element-4388b33 elementor-widget elementor-widget-text-editor\" data-id=\"4388b33\" data-element_type=\"widget\" data-e-type=\"widget\" data-widget_type=\"text-editor.default\">\n\t\t\t\t<div class=\"elementor-widget-container\">\n\t\t\t\t\t\t\t\t\t<h6>Informacje og\u00f3lne<\/h6>\t\t\t\t\t\t\t\t<\/div>\n\t\t\t\t<\/div>\n\t\t\t\t<div class=\"elementor-element elementor-element-d01107c elementor-widget elementor-widget-text-editor\" data-id=\"d01107c\" data-element_type=\"widget\" data-e-type=\"widget\" data-widget_type=\"text-editor.default\">\n\t\t\t\t<div class=\"elementor-widget-container\">\n\t\t\t\t\t\t\t\t\t<p>Mgr in\u017c. Aleksandra G\u0119sicka (ur. 1996r.) realizuje prac\u0119 doktorsk\u0105 w Zak\u0142adzie Zaopatrzenia w Wod\u0119 i Biogospodarki, Instytut In\u017cynierii \u015arodowiska i Instalacji Budowlanych Politechniki Pozna\u0144skiej.<br \/>Zainteresowania naukowe obejmuj\u0105 zagadnienia biotechnologii przemys\u0142owej i \u015brodowiskowej w szczeg\u00f3lno\u015bci rozw\u00f3j produkcji warto\u015bciowych bioprodukt\u00f3w ze \u017ar\u00f3de\u0142 odpadowych. Prac\u0119 naukow\u0105 obejmuj\u0105 badania nad wykorzystaniem pojedynczych szczep\u00f3w i mieszanych kultur bakterii w procesach biologicznego przetwarzania metanu do biopolimer\u00f3w i innych zwi\u0105zk\u00f3w oraz rozw\u00f3j technologii bioprocesowych poprzez optymalizacj\u0119 sytemu hodowli (hodowle bioreaktorowe), analiz\u0119 metabolit\u00f3w zewn\u0105trz- i wewn\u0105trzkom\u00f3rkowych (GC, HPLC) oraz badanie sk\u0142adu mikrobiomu (NGS). <\/p>\t\t\t\t\t\t\t\t<\/div>\n\t\t\t\t<\/div>\n\t\t\t\t<div class=\"elementor-element elementor-element-4c470a4 elementor-widget elementor-widget-text-editor\" data-id=\"4c470a4\" data-element_type=\"widget\" data-e-type=\"widget\" data-widget_type=\"text-editor.default\">\n\t\t\t\t<div class=\"elementor-widget-container\">\n\t\t\t\t\t\t\t\t\t<h6>Wykszta\u0142cenie<\/h6>\t\t\t\t\t\t\t\t<\/div>\n\t\t\t\t<\/div>\n\t\t\t\t<div class=\"elementor-element elementor-element-8e4b59c elementor-widget elementor-widget-text-editor\" data-id=\"8e4b59c\" data-element_type=\"widget\" data-e-type=\"widget\" data-widget_type=\"text-editor.default\">\n\t\t\t\t<div class=\"elementor-widget-container\">\n\t\t\t\t\t\t\t\t\t<ul>\n<li><strong>2020 \u2013 aktualnie \u2013 studia doktoranckie<\/strong><br>w dyscyplinie: in\u017cynieria \u015brodowiska, g\u00f3rnictwo i energetyka<br>Wydzia\u0142 In\u017cynierii \u015arodowiska i Energetyki<br>Politechnika Pozna\u0144ska<br>Tytu\u0142 pracy doktorskiej: \u201ePrzetwarzanie metanu do wybranych polihydroksyalkanian\u00f3w z u\u017cyciem mikroorganizm\u00f3w metanotroficznych<\/li>\n<li><strong>2019 \u2013 2020 \u2013 studia magisterskie<\/strong><br>kierunek: biotechnologia<br>specjalizacja: biotechnologia przemys\u0142owa<br>Wydzia\u0142 Rolnictwa i Bioin\u017cynierii, Uniwersytet Przyrodniczy w Poznaniu<br>Tytu\u0142 pracy magisterskiej: \u201eProces jednoczesnej hydrolizy i fermentacji z wykorzystaniem nowego preparatu amylolitycznego\u201d<\/li>\n<li><strong>2015 \u2013 2019 \u2013 studia in\u017cynierskie<\/strong><br>kierunek: biotechnologia<br>Wydzia\u0142 Rolnictwa i Bioin\u017cynierii, Uniwersytet Przyrodniczy w Poznaniu<br>Tytu\u0142 pracy in\u017cynierskiej: \u201ePrognozowanie wp\u0142ywu nawozu organicznego na liczebno\u015b\u0107 grzyb\u00f3w z rodzaju Fusarium i Alternaria w glebie\u201d<\/li><\/ul>\t\t\t\t\t\t\t\t<\/div>\n\t\t\t\t<\/div>\n\t\t\t\t<div class=\"elementor-element elementor-element-95976ec elementor-widget elementor-widget-text-editor\" data-id=\"95976ec\" data-element_type=\"widget\" data-e-type=\"widget\" data-widget_type=\"text-editor.default\">\n\t\t\t\t<div class=\"elementor-widget-container\">\n\t\t\t\t\t\t\t\t\t<h6><span style=\"font-family: Raleway; font-size: 14.7px; font-style: normal; font-variant-ligatures: normal; font-variant-caps: normal; font-weight: bold;\">Charakterystyka dorobku naukowego i najwa\u017cniejsze prace<\/span><\/h6>\t\t\t\t\t\t\t\t<\/div>\n\t\t\t\t<\/div>\n\t\t\t\t<div class=\"elementor-element elementor-element-3e214d4 elementor-widget elementor-widget-text-editor\" data-id=\"3e214d4\" data-element_type=\"widget\" data-e-type=\"widget\" data-widget_type=\"text-editor.default\">\n\t\t\t\t<div class=\"elementor-widget-container\">\n\t\t\t\t\t\t\t\t\t<p>Dorobek naukowy obejmuje artyku\u0142y w czasopismach punktowanych o zasi\u0119gu mi\u0119dzynarodowym oraz wyst\u0105pienia konferencyjne dotycz\u0105ce problem\u00f3w obejmuj\u0105cych m.in.:<\/p><ul><li>Biokonwersja metanu<\/li><li>Fermentacja z u\u017cyciem mieszanych kultur bakterii<\/li><li>Produkcja biopolimer\u00f3w; polihydroksyalkanian\u00f3w (PHA)<\/li><\/ul><p>Najwa\u017cniejsze prace naukowe:<\/p><ul><li>G\u0119sicka, A., Gutowska, N., Palaniappan, S., Oleskowicz-Popiel, P., \u0141\u0119\u017cyk, M. Enrichment of mixed methanotrophic cultures producing polyhydroxyalkanoates (PHAs) from various environmental sources. Science of The Total Environment 912, 168844 (2024)<\/li><li>G\u0119sicka, A., Oleskowicz-Popiel, P. &amp; \u0141\u0119\u017cyk, M. Recent trends in methane to bioproduct conversion by methanotrophs. Biotechnology Advances 53, 107861 (2021)<\/li><\/ul><p>Szczeg\u00f3\u0142owy wykaz dorobku naukowego dost\u0119pny w SIN:<strong>\u00a0<\/strong><a href=\"http:\/\/https\/\/sin.put.poznan.pl\/people\/details\/aleksandra.gesicka\" target=\"_blank\" rel=\"noreferrer noopener\" data-wplink-url-error=\"true\"><strong>Aleksandra G\u0119sicka SIN<\/strong><\/a><\/p>\t\t\t\t\t\t\t\t<\/div>\n\t\t\t\t<\/div>\n\t\t\t\t<div class=\"elementor-element elementor-element-f4a7c4b elementor-widget elementor-widget-text-editor\" data-id=\"f4a7c4b\" data-element_type=\"widget\" data-e-type=\"widget\" data-widget_type=\"text-editor.default\">\n\t\t\t\t<div class=\"elementor-widget-container\">\n\t\t\t\t\t\t\t\t\t<h6><span style=\"font-family: Raleway; font-size: 14.7px; font-style: normal; font-variant-ligatures: normal; font-variant-caps: normal; font-weight: 700;\">DZIA\u0141ALNO\u015a\u0106 ORGANIZACYJNA<\/span><br><\/h6>\t\t\t\t\t\t\t\t<\/div>\n\t\t\t\t<\/div>\n\t\t\t\t<div class=\"elementor-element elementor-element-c1455a1 elementor-widget elementor-widget-text-editor\" data-id=\"c1455a1\" data-element_type=\"widget\" data-e-type=\"widget\" data-widget_type=\"text-editor.default\">\n\t\t\t\t<div class=\"elementor-widget-container\">\n\t\t\t\t\t\t\t\t\t<ul><li>2023 \u2013 aktualnie \u2013 Wiceprzewodnicz\u0105ca Wydzia\u0142owej Rady Doktorant\u00f3w Wydzia\u0142u In\u017cynierii \u015arodowiska i Energetyki cz\u0142onek Instytutowego Zespo\u0142u ds. Promocji Kierunku studi\u00f3w In\u017cynieria \u015arodowiska w Politechnice Pozna\u0144skiej<\/li><\/ul>\t\t\t\t\t\t\t\t<\/div>\n\t\t\t\t<\/div>\n\t\t\t\t<div class=\"elementor-element elementor-element-89e0717 elementor-widget elementor-widget-text-editor\" data-id=\"89e0717\" data-element_type=\"widget\" data-e-type=\"widget\" data-widget_type=\"text-editor.default\">\n\t\t\t\t<div class=\"elementor-widget-container\">\n\t\t\t\t\t\t\t\t\t<h6><span style=\"font-family: Raleway; font-size: 14.7px; font-style: normal; font-variant-ligatures: normal; font-variant-caps: normal; font-weight: bold;\">Projekty, granty i sta\u017ce naukowe<\/span><\/h6>\t\t\t\t\t\t\t\t<\/div>\n\t\t\t\t<\/div>\n\t\t\t\t<div class=\"elementor-element elementor-element-f84e056 elementor-widget elementor-widget-text-editor\" data-id=\"f84e056\" data-element_type=\"widget\" data-e-type=\"widget\" data-widget_type=\"text-editor.default\">\n\t\t\t\t<div class=\"elementor-widget-container\">\n\t\t\t\t\t\t\t\t\t<ul><li>2020 \u2013 08.2023 \u2013 Sonata 15 (NCN) \u2013 wykonawca projektu: Produkcja kopolimer\u00f3w PHA przy u\u017cyciu mikrobiomu w fermentacji gazowej metanu, nr UMO-2019\/35\/D\/ST8\/03530, (PI: dr in\u017c. Mateusz \u0141\u0119\u017cyk)<\/li><li>09-12.2023 \u2013 sta\u017c naukowy na Univeristy of Alberta, Department of Chemical and Materials Engineering, Kanada, finansowany w ramach programu INPUTDoc STER \u201cMobility\u201d<br \/>Analiza omiczna (transkryptomika i metabolomika) proces\u00f3w fermentacji metanolu i metanu przez szczepy bakterii metanotroficznych (opiekun naukowy, prof. Dominic Sauvageau)<\/li><\/ul>\t\t\t\t\t\t\t\t<\/div>\n\t\t\t\t<\/div>\n\t\t\t\t<div class=\"elementor-element elementor-element-2472880 elementor-widget elementor-widget-text-editor\" data-id=\"2472880\" data-element_type=\"widget\" data-e-type=\"widget\" data-widget_type=\"text-editor.default\">\n\t\t\t\t<div class=\"elementor-widget-container\">\n\t\t\t\t\t\t\t\t\t<h6><span style=\"font-family: Raleway; font-size: 14.7px; font-style: normal; font-variant-ligatures: normal; font-variant-caps: normal; font-weight: 700;\">NAGRODY I WYR\u00d3\u017bNIENIA<\/span><br><\/h6>\t\t\t\t\t\t\t\t<\/div>\n\t\t\t\t<\/div>\n\t\t\t\t<div class=\"elementor-element elementor-element-d5d7384 elementor-widget elementor-widget-text-editor\" data-id=\"d5d7384\" data-element_type=\"widget\" data-e-type=\"widget\" data-widget_type=\"text-editor.default\">\n\t\t\t\t<div class=\"elementor-widget-container\">\n\t\t\t\t\t\t\t\t\t<p>2022 \u2013 Best Poster Award, 11<sup>th<\/sup> IWA International Symposium on Waste Management Problems in Agro-Industry 26-28 Pa\u017adziernika 2022, Gda\u0144sk<\/p>\t\t\t\t\t\t\t\t<\/div>\n\t\t\t\t<\/div>\n\t\t\t\t\t<\/div>\n\t\t<\/div>\n\t\t\t\t\t<\/div>\n\t\t<\/section>\n\t\t\t\t<\/div>\n\t\t","protected":false},"excerpt":{"rendered":"<p>Zak\u0142ad Zaopatrzenia w Wod\u0119 i Biogospodarki Profil w Systemie Informacji Naukowej PP: Aleksandra G\u0119sicka SIN E-mail: aleksandra.gesicka@doctorate.put.poznan.pl Pok\u00f3j: 301B, budynek WTCH &#8211; LINK\u00a0(mapa kampusu) Informacje og\u00f3lne Mgr in\u017c. Aleksandra G\u0119sicka (ur. 1996r.) realizuje prac\u0119 doktorsk\u0105 w Zak\u0142adzie Zaopatrzenia w Wod\u0119 i Biogospodarki, Instytut In\u017cynierii \u015arodowiska i Instalacji Budowlanych Politechniki Pozna\u0144skiej.Zainteresowania &hellip;<\/p>\n","protected":false},"author":2,"featured_media":2453,"parent":214,"menu_order":0,"comment_status":"closed","ping_status":"closed","template":"","meta":{"_monsterinsights_skip_tracking":false,"_monsterinsights_sitenote_active":false,"_monsterinsights_sitenote_note":"","_monsterinsights_sitenote_category":0,"footnotes":""},"class_list":["post-2454","page","type-page","status-publish","has-post-thumbnail","hentry"],"_links":{"self":[{"href":"http:\/\/ee2.put.poznan.pl\/index.php\/wp-json\/wp\/v2\/pages\/2454","targetHints":{"allow":["GET"]}}],"collection":[{"href":"http:\/\/ee2.put.poznan.pl\/index.php\/wp-json\/wp\/v2\/pages"}],"about":[{"href":"http:\/\/ee2.put.poznan.pl\/index.php\/wp-json\/wp\/v2\/types\/page"}],"author":[{"embeddable":true,"href":"http:\/\/ee2.put.poznan.pl\/index.php\/wp-json\/wp\/v2\/users\/2"}],"replies":[{"embeddable":true,"href":"http:\/\/ee2.put.poznan.pl\/index.php\/wp-json\/wp\/v2\/comments?post=2454"}],"version-history":[{"count":16,"href":"http:\/\/ee2.put.poznan.pl\/index.php\/wp-json\/wp\/v2\/pages\/2454\/revisions"}],"predecessor-version":[{"id":2499,"href":"http:\/\/ee2.put.poznan.pl\/index.php\/wp-json\/wp\/v2\/pages\/2454\/revisions\/2499"}],"up":[{"embeddable":true,"href":"http:\/\/ee2.put.poznan.pl\/index.php\/wp-json\/wp\/v2\/pages\/214"}],"wp:featuredmedia":[{"embeddable":true,"href":"http:\/\/ee2.put.poznan.pl\/index.php\/wp-json\/wp\/v2\/media\/2453"}],"wp:attachment":[{"href":"http:\/\/ee2.put.poznan.pl\/index.php\/wp-json\/wp\/v2\/media?parent=2454"}],"curies":[{"name":"wp","href":"https:\/\/api.w.org\/{rel}","templated":true}]}}