{"id":996,"date":"2023-12-29T11:00:00","date_gmt":"2023-12-29T11:00:00","guid":{"rendered":"https:\/\/ee2.put.poznan.pl\/?page_id=996"},"modified":"2024-12-29T15:36:53","modified_gmt":"2024-12-29T15:36:53","slug":"maria-malek","status":"publish","type":"page","link":"http:\/\/ee2.put.poznan.pl\/index.php\/o-instytucie\/kadra\/maria-malek\/","title":{"rendered":"dr in\u017c. Maria Ma\u0142ek"},"content":{"rendered":"\t\t<div data-elementor-type=\"wp-page\" data-elementor-id=\"996\" class=\"elementor elementor-996\">\n\t\t\t\t\t\t<section class=\"elementor-section elementor-top-section elementor-element elementor-element-2a0782d elementor-section-boxed elementor-section-height-default elementor-section-height-default\" data-id=\"2a0782d\" data-element_type=\"section\" data-e-type=\"section\">\n\t\t\t\t\t\t<div class=\"elementor-container elementor-column-gap-default\">\n\t\t\t\t\t<div class=\"elementor-column elementor-col-66 elementor-top-column elementor-element elementor-element-5ae8901\" data-id=\"5ae8901\" data-element_type=\"column\" data-e-type=\"column\">\n\t\t\t<div class=\"elementor-widget-wrap elementor-element-populated\">\n\t\t\t\t\t\t<div class=\"elementor-element elementor-element-515a8a4 elementor-widget elementor-widget-text-editor\" data-id=\"515a8a4\" data-element_type=\"widget\" data-e-type=\"widget\" data-widget_type=\"text-editor.default\">\n\t\t\t\t<div class=\"elementor-widget-container\">\n\t\t\t\t\t\t\t\t\t<p>Zak\u0142ad Ogrzewnictwa, Klimatyzacji i Ochrony Powietrza<\/p>\n<p><\/p><p><\/p>\t\t\t\t\t\t\t\t<\/div>\n\t\t\t\t<\/div>\n\t\t\t\t<div class=\"elementor-element elementor-element-9636d93 e-transform elementor-widget-divider--view-line elementor-invisible elementor-widget elementor-widget-divider\" data-id=\"9636d93\" data-element_type=\"widget\" data-e-type=\"widget\" data-settings=\"{&quot;_animation&quot;:&quot;fadeInUp&quot;,&quot;_transform_scale_effect&quot;:{&quot;unit&quot;:&quot;px&quot;,&quot;size&quot;:&quot;&quot;,&quot;sizes&quot;:[]},&quot;_transform_scale_effect_tablet&quot;:{&quot;unit&quot;:&quot;px&quot;,&quot;size&quot;:&quot;&quot;,&quot;sizes&quot;:[]},&quot;_transform_scale_effect_mobile&quot;:{&quot;unit&quot;:&quot;px&quot;,&quot;size&quot;:&quot;&quot;,&quot;sizes&quot;:[]}}\" data-widget_type=\"divider.default\">\n\t\t\t\t<div class=\"elementor-widget-container\">\n\t\t\t\t\t\t\t<div class=\"elementor-divider\">\n\t\t\t<span class=\"elementor-divider-separator\">\n\t\t\t\t\t\t<\/span>\n\t\t<\/div>\n\t\t\t\t\t\t<\/div>\n\t\t\t\t<\/div>\n\t\t\t\t<div class=\"elementor-element elementor-element-79fbf77 elementor-widget elementor-widget-text-editor\" data-id=\"79fbf77\" data-element_type=\"widget\" data-e-type=\"widget\" data-widget_type=\"text-editor.default\">\n\t\t\t\t<div class=\"elementor-widget-container\">\n\t\t\t\t\t\t\t\t\t<p>Profil w Systemie Informacji Naukowej PP: <a href=\"https:\/\/sin.put.poznan.pl\/people\/details\/maria.malek\" target=\"_blank\" rel=\"noreferrer noopener\">Maria Ma\u0142ek SIN<\/a><\/p><p>E-mail: <a href=\"mailto:maria.malek@put.poznan.pl\">maria.malek@put.poznan.pl<\/a><\/p><p style=\"font-style: normal; font-variant-ligatures: normal; font-variant-caps: normal; font-weight: 400; font-size: 15px; font-family: Roboto, sans-serif; text-indent: 0px;\">Pok\u00f3j: 201B budynek WTCH &#8211;\u00a0<a style=\"font-style: normal; font-variant-ligatures: normal; font-variant-caps: normal; font-weight: 400; font-size: 15px; font-family: Roboto, sans-serif; text-align: inherit;\" href=\"https:\/\/isie.put.poznan.pl\/sites\/default\/files\/2021-11\/Instytut%20In%C5%BCynierii%20%C5%9Arodowiska%20i%20Instalacji%20Budowlanych-konsultacje.pdf\" target=\"_blank\" rel=\"noreferrer noopener\">LINK<\/a><span style=\"font-style: normal; font-variant-ligatures: normal; font-variant-caps: normal; font-weight: 400; font-size: 15px; font-family: Roboto, sans-serif; color: var( --e-global-color-text ); text-align: inherit;\">\u00a0(<\/span><a style=\"font-style: normal; font-variant-ligatures: normal; font-variant-caps: normal; font-weight: 400; font-size: 15px; font-family: Roboto, sans-serif; text-align: inherit;\" href=\"https:\/\/isie.put.poznan.pl\/sites\/default\/files\/inline-files\/OZNACZENIA%20W%20PLANIE%20ZAJ%C4%98%C4%86.pdf\" target=\"_blank\" rel=\"noreferrer noopener\">mapa kampusu<\/a><span style=\"font-style: normal; font-variant-ligatures: normal; font-variant-caps: normal; font-weight: 400; font-size: 15px; font-family: Roboto, sans-serif; color: var( --e-global-color-text ); text-align: inherit;\">)<\/span><\/p><p style=\"font-style: normal; font-variant-ligatures: normal; font-variant-caps: normal; font-weight: 400; font-size: 15px; font-family: Roboto, sans-serif; text-indent: 0px;\">Konsultacje: &#8211;\u00a0<a style=\"font-style: normal; font-variant-ligatures: normal; font-variant-caps: normal; font-weight: 400; font-size: 15px; font-family: Roboto, sans-serif; text-align: inherit;\" href=\"http:\/\/ee2.put.poznan.pl\/wp-content\/uploads\/files\/IISiIB_PUT_konsultacje.pdf\" target=\"_blank\" rel=\"noopener\">LINK (wykaz konsultacji pracownik\u00f3w instytutu)<\/a><\/p>\t\t\t\t\t\t\t\t<\/div>\n\t\t\t\t<\/div>\n\t\t\t\t\t<\/div>\n\t\t<\/div>\n\t\t\t\t<div class=\"elementor-column elementor-col-33 elementor-top-column elementor-element elementor-element-078ac9d\" data-id=\"078ac9d\" data-element_type=\"column\" data-e-type=\"column\">\n\t\t\t<div class=\"elementor-widget-wrap\">\n\t\t\t\t\t\t\t<\/div>\n\t\t<\/div>\n\t\t\t\t\t<\/div>\n\t\t<\/section>\n\t\t\t\t<section class=\"elementor-section elementor-top-section elementor-element elementor-element-7c5d3b8 elementor-section-boxed elementor-section-height-default elementor-section-height-default\" data-id=\"7c5d3b8\" data-element_type=\"section\" data-e-type=\"section\">\n\t\t\t\t\t\t<div class=\"elementor-container elementor-column-gap-default\">\n\t\t\t\t\t<div class=\"elementor-column elementor-col-100 elementor-top-column elementor-element elementor-element-d151fda\" data-id=\"d151fda\" data-element_type=\"column\" data-e-type=\"column\">\n\t\t\t<div class=\"elementor-widget-wrap elementor-element-populated\">\n\t\t\t\t\t\t<div class=\"elementor-element elementor-element-e65e109 e-transform elementor-widget-divider--view-line elementor-invisible elementor-widget elementor-widget-divider\" data-id=\"e65e109\" data-element_type=\"widget\" data-e-type=\"widget\" data-settings=\"{&quot;_animation&quot;:&quot;fadeInUp&quot;,&quot;_transform_scale_effect&quot;:{&quot;unit&quot;:&quot;px&quot;,&quot;size&quot;:&quot;&quot;,&quot;sizes&quot;:[]},&quot;_transform_scale_effect_tablet&quot;:{&quot;unit&quot;:&quot;px&quot;,&quot;size&quot;:&quot;&quot;,&quot;sizes&quot;:[]},&quot;_transform_scale_effect_mobile&quot;:{&quot;unit&quot;:&quot;px&quot;,&quot;size&quot;:&quot;&quot;,&quot;sizes&quot;:[]}}\" data-widget_type=\"divider.default\">\n\t\t\t\t<div class=\"elementor-widget-container\">\n\t\t\t\t\t\t\t<div class=\"elementor-divider\">\n\t\t\t<span class=\"elementor-divider-separator\">\n\t\t\t\t\t\t<\/span>\n\t\t<\/div>\n\t\t\t\t\t\t<\/div>\n\t\t\t\t<\/div>\n\t\t\t\t<div class=\"elementor-element elementor-element-c71d5f6 elementor-widget elementor-widget-text-editor\" data-id=\"c71d5f6\" data-element_type=\"widget\" data-e-type=\"widget\" data-widget_type=\"text-editor.default\">\n\t\t\t\t<div class=\"elementor-widget-container\">\n\t\t\t\t\t\t\t\t\t<h6>Wykszta\u0142cenie<\/h6>\t\t\t\t\t\t\t\t<\/div>\n\t\t\t\t<\/div>\n\t\t\t\t<div class=\"elementor-element elementor-element-8657721 elementor-widget elementor-widget-text-editor\" data-id=\"8657721\" data-element_type=\"widget\" data-e-type=\"widget\" data-widget_type=\"text-editor.default\">\n\t\t\t\t<div class=\"elementor-widget-container\">\n\t\t\t\t\t\t\t\t\t<ul><li><span style=\"color: var( --e-global-color-text ); text-align: inherit;\">2014-2018 &#8211;\u00a0<\/span>studia doktoranckie Budownictwo a \u015arodowisko na\u00a0Wydziale Budownictwa i In\u017cynierii \u015arodowiska, temat rozprawy doktorskiej<em style=\"text-indent: 0em; color: var( --e-global-color-text ); text-align: inherit;\">: Wp\u0142yw parametr\u00f3w przegrody aktywowanej termicznie na komfort cieplny i zu\u017cycie energii<\/em><\/li><li>2012-2013 &#8211; studia stacjonarne II stopnia na Wydziale Budownictwa i In\u017cynierii \u015arodowiska, na kierunku In\u017cynieria \u015arodowiska, na specjalno\u015bci Zaopatrzenie w ciep\u0142o, klimatyzacja i ochrona powietrza, temat pracy magisterskiej: <em>Rok por\u00f3wnawczy wykorzystywany w bilansowaniu cieplnym budynk\u00f3w<\/em><\/li><li>2008-2012 &#8211;\u00a0<span style=\"text-indent: 0em; color: var( --e-global-color-text ); text-align: inherit;\">studia stacjonarne I stopnia na Wydziale Budownictwa i In\u017cynierii \u015arodowiska, na kierunku In\u017cynieria \u015arodowiska,\u00a0<\/span><span style=\"text-indent: 0em; color: var( --e-global-color-text ); text-align: inherit;\">temat pracy in\u017cynierskiej: <\/span><em style=\"text-indent: 0em; color: var( --e-global-color-text ); text-align: inherit;\">Analiza zu\u017cycia ciep\u0142a w\u00a0budynku mieszkalnym wielorodzinnym przeznaczonym dla senior\u00f3w wyposa\u017conym w mini w\u0119z\u0142y mieszkaniowe.\u00a0<\/em><span style=\"text-indent: 0em; color: var( --e-global-color-text ); text-align: inherit;\">Udzia\u0142 w programie \u201eZamawianie kszta\u0142cenia na\u00a0kierunkach technicznych, matematycznych i\u00a0przyrodniczych \u2013 pilota\u017c\u201d (specjalno\u015b\u0107: Techniczne wyposa\u017cenie budynk\u00f3w energooszcz\u0119dnych)<\/span><\/li><\/ul>\t\t\t\t\t\t\t\t<\/div>\n\t\t\t\t<\/div>\n\t\t\t\t<div class=\"elementor-element elementor-element-4e997c1 elementor-widget elementor-widget-text-editor\" data-id=\"4e997c1\" data-element_type=\"widget\" data-e-type=\"widget\" data-widget_type=\"text-editor.default\">\n\t\t\t\t<div class=\"elementor-widget-container\">\n\t\t\t\t\t\t\t\t\t<h6>Sta\u017ce i szkolenia<\/h6>\t\t\t\t\t\t\t\t<\/div>\n\t\t\t\t<\/div>\n\t\t\t\t<div class=\"elementor-element elementor-element-0580139 elementor-widget elementor-widget-text-editor\" data-id=\"0580139\" data-element_type=\"widget\" data-e-type=\"widget\" data-widget_type=\"text-editor.default\">\n\t\t\t\t<div class=\"elementor-widget-container\">\n\t\t\t\t\t\t\t\t\t<ul><li><p>2017 &#8211;\u00a0<span style=\"text-indent: 0em; color: var( --e-global-color-text ); text-align: inherit;\">School of Engineering (ETSE) Uniwersytetu w\u00a0Santiago de Compostela, Hiszpania; 1st esLCA Summer School (szkolenie z wewn\u0119trzn\u0105 rekrutacj\u0105)<\/span><\/p><\/li><li><p>2016 &#8211; COST Action TU1205, Warszawa; Training School 2016-BISTS<\/p><\/li><li><p>2016 &#8211; Politechnika Wroc\u0142awska, Jelenia G\u00f3ra, XXX Wiosenna Szko\u0142a Fizyki Budowli i \u015arodowiska \u201ePAULINUM 2016\u201d<\/p><\/li><li><p>2015 &#8211; Fraunhofer Italia \u2013 Innovation Engineering Center, Bolzano, W\u0142ochy; sta\u017c naukowy<\/p><\/li><\/ul><ul><li>2015 &#8211; Politechnika Wroc\u0142awska, Jelenia G\u00f3ra, XXIX Wiosenna Szko\u0142a Fizyki Budowli i \u015arodowiska \u201ePAULINUM 2015\u201d<\/li><\/ul><ul><li>2014 &#8211; StatSoft Polska Sp. z o.o., Krak\u00f3w; szkolenie STATISTICA kurs podstawowy<\/li><\/ul>\t\t\t\t\t\t\t\t<\/div>\n\t\t\t\t<\/div>\n\t\t\t\t<div class=\"elementor-element elementor-element-6efc424 elementor-widget elementor-widget-text-editor\" data-id=\"6efc424\" data-element_type=\"widget\" data-e-type=\"widget\" data-widget_type=\"text-editor.default\">\n\t\t\t\t<div class=\"elementor-widget-container\">\n\t\t\t\t\t\t\t\t\t<h6>PROWADZONE ZAJ\u0118CIA DYDAKTYCZNE<\/h6>\t\t\t\t\t\t\t\t<\/div>\n\t\t\t\t<\/div>\n\t\t\t\t<div class=\"elementor-element elementor-element-3b7d80a elementor-widget elementor-widget-text-editor\" data-id=\"3b7d80a\" data-element_type=\"widget\" data-e-type=\"widget\" data-widget_type=\"text-editor.default\">\n\t\t\t\t<div class=\"elementor-widget-container\">\n\t\t\t\t\t\t\t\t\t<ul><li>Grafika in\u017cynierska i CAD (projekt) \u2013 typ studi\u00f3w stacjonarnych I stopnia na kierunku In\u017cynieria \u015arodowiska<\/li><li>Instalacje budowlane (projekt) \u2013 typ studi\u00f3w stacjonarnych i niestacjonarnych I stopnia na\u00a0kierunku\u00a0Budownictwo<\/li><li>Niekonwencjonalne \u017ar\u00f3d\u0142a energii w gospodarce komunalnej (projekt) \u2013 typ studi\u00f3w stacjonarnych i niestacjonarnych II stopnia na\u00a0kierunku In\u017cynieria \u015arodowiska<\/li><li>Odnawialne \u017ar\u00f3d\u0142a energii (projekt) \u2013 typ studi\u00f3w stacjonarnych i niestacjonarnych I stopnia na kierunku In\u017cynieria \u015arodowiska<\/li><li>Ogrzewnictwo (projekt) \u2013 typ studi\u00f3w stacjonarnych i niestacjonarnych I stopnia na\u00a0kierunku In\u017cynieria \u015arodowiska<\/li><li>Systemy grzewcze (\u0107wiczenia) \u2013 typ studi\u00f3w stacjonarnych i niestacjonarnych II stopnia na\u00a0kierunku In\u017cynieria \u015arodowiska<\/li><li>Systemy grzewcze (projekt) \u2013 typ studi\u00f3w stacjonarnych i niestacjonarnych II stopnia na\u00a0kierunku In\u017cynieria \u015arodowiska<\/li><li>Systemy ochrony powietrza (laboratorium) \u2013 typ studi\u00f3w stacjonarnych I stopnia na\u00a0kierunku Technologie ochrony \u015brodowiska<\/li><\/ul>\t\t\t\t\t\t\t\t<\/div>\n\t\t\t\t<\/div>\n\t\t\t\t<div class=\"elementor-element elementor-element-bad37dd elementor-widget elementor-widget-text-editor\" data-id=\"bad37dd\" data-element_type=\"widget\" data-e-type=\"widget\" data-widget_type=\"text-editor.default\">\n\t\t\t\t<div class=\"elementor-widget-container\">\n\t\t\t\t\t\t\t\t\t<h6>Charakterystyka dorobku naukowego i najwa\u017cniejsze prace<\/h6>\t\t\t\t\t\t\t\t<\/div>\n\t\t\t\t<\/div>\n\t\t\t\t<div class=\"elementor-element elementor-element-e1b282c elementor-widget elementor-widget-text-editor\" data-id=\"e1b282c\" data-element_type=\"widget\" data-e-type=\"widget\" data-widget_type=\"text-editor.default\">\n\t\t\t\t<div class=\"elementor-widget-container\">\n\t\t\t\t\t\t\t\t\t<p><b>Artyku\u0142y<\/b><\/p>\n<ul>\n<li><em>Symulacja pracy p\u0142askiego kolektora s\u0142onecznego w instalacji ciep\u0142ej wody u\u017cytkowej w warunkach polskich za pomoc\u0105 programu TRNSYS<\/em>\/ Maria T. Ma\u0142ek (WBiI\u015a) \/\/ Ciep\u0142ownictwo, Ogrzewnictwo, Wentylacja &#8211; 2019, T. 50, nr 4, s. 142-148<\/li>\n<li><em>Charakterystyka energetyczna budynku do\u015bwiadczalnego w Politechnice Pozna\u0144skiej na&nbsp;podstawie rzeczywistych danych klimatycznych &#8211; okres ogrzewania&nbsp;<\/em>\/ Maria Ma\u0142ek (WBiI\u015a), Ma\u0142gorzata Basi\u0144ska (WBiI\u015a) \/\/ Ciep\u0142ownictwo, Ogrzewnictwo, Wentylacja &#8211; 2016, T. 47, nr 8, s. 312-319<\/li>\n<li><em>Rozwi\u0105zania stosowane w budownictwie energooszcz\u0119dnym a komfort cieplny<\/em>\/ Maria Ma\u0142ek (WBiI\u015a), Halina Koczyk (WBiI\u015a) \/\/ Materia\u0142y Budowlane &#8211; 2016, nr 7, s. 83-86<\/li>\n<li><em>Wp\u0142yw rozwi\u0105zania \u015bciany zewn\u0119trznej na&nbsp;rozk\u0142ady temperatur w przegrodzie<\/em>\/ Maria Ma\u0142ek (WBiI\u015a), Halina Koczyk (WBiI\u015a) \/\/ Czasopismo In\u017cynierii L\u0105dowej, \u015arodowiska i&nbsp;Architektury &#8211; Journal of Civil Engineering, Environment and Architecture &#8211; 2016, T. 33, <br>63, nr 3, s. 247-254<\/li>\n<li><em>Metody tworzenia, wyb\u00f3r i opracowanie roku por\u00f3wnawczego na podstawie w\u0142asnej bazy pomiarowej<\/em>\/ Maria T. Ma\u0142ek (WBiI\u015a), Ma\u0142gorzata Basi\u0144ska (WBiI\u015a) \/\/ Ciep\u0142ownictwo, Ogrzewnictwo, Wentylacja &#8211; 2014, nr 5, s. 165-170<\/li>\n<\/ul>\n<p><strong>Rozdzia\u0142y w monografiach naukowych<\/strong><\/p>\n<ul>\n<li><em>Wykorzystanie programu TRANSYS do analizy termicznej instalacji ciep\u0142ej wody z kolektorami s\u0142onecznymi termicznymi<\/em>\/ Maria Ma\u0142ek (WBiI\u015a) \/\/ W: Profesor Halina Koczyk : jubileusz XLV-lecia pracy naukowej i&nbsp;dydaktycznej \/ red. Ma\u0142gorzata Basi\u0144ska (WBiI\u015a) &#8211; Pozna\u0144, Polska : Systherm D. Gazi\u0144ska s.j., 2018 &#8211; s. 145-156<\/li>\n<\/ul>\n<p><strong>Referaty<\/strong><\/p>\n<ul>\n<li><em>Analiza por\u00f3wnawcza typowego roku meteorologicznego miasta Poznania z w\u0142asnymi pomiarami<\/em>\/ Maria T. Ma\u0142ek (WBiI\u015a), Ma\u0142gorzata Basi\u0144ska (WBiI\u015a) \/\/ W: 2014 air &amp;&nbsp;heat energy in buildings &#8211; Wroc\u0142aw, Poland : Politechnika Wroc\u0142awska. Wydzia\u0142 In\u017cynierii \u015arodowiska. Instytut Klimatyzacji i&nbsp;Ogrzewnictwa, 2014 &#8211; s. 427-432<\/li>\n<\/ul>\t\t\t\t\t\t\t\t<\/div>\n\t\t\t\t<\/div>\n\t\t\t\t<div class=\"elementor-element elementor-element-880452f elementor-widget elementor-widget-text-editor\" data-id=\"880452f\" data-element_type=\"widget\" data-e-type=\"widget\" data-widget_type=\"text-editor.default\">\n\t\t\t\t<div class=\"elementor-widget-container\">\n\t\t\t\t\t\t\t\t\t<h6>Wyst\u0105pienia konferencyjne<\/h6>\t\t\t\t\t\t\t\t<\/div>\n\t\t\t\t<\/div>\n\t\t\t\t<div class=\"elementor-element elementor-element-ed74b83 elementor-widget elementor-widget-text-editor\" data-id=\"ed74b83\" data-element_type=\"widget\" data-e-type=\"widget\" data-widget_type=\"text-editor.default\">\n\t\t\t\t<div class=\"elementor-widget-container\">\n\t\t\t\t\t\t\t\t\t<ul><li>VI Konferencja SOLINA 2016 z\u00a0referatem: <em>Wp\u0142yw rozwi\u0105zania \u015bciany s\u0142onecznej na\u00a0rozk\u0142ady temperatur w przegrodzie<\/em><\/li><li>XXX Wiosenna Szko\u0142a Fizyki Budowli i\u00a0\u015arodowiska \u201ePAULINUM 2016\u201d z\u00a0referatem: <em>Rozwi\u0105zania budowlane w budownictwie energooszcz\u0119dnym a komfort cieplny<\/em><\/li><li>XIV Mi\u0119dzynarodowa Konferencja Air, Heat &amp;\u00a0Energy 2014 z\u00a0referatem: <em>Analiza por\u00f3wnawcza typowego roku meteorologicznego miasta Poznania z\u00a0w\u0142asnymi pomiarami<\/em><\/li><li><em>reprezentowanie Wydzia\u0142u Budownictwa i In\u017cynierii \u015arodowiska Politechniki Pozna\u0144skiej na Forum Budownictwa Energooszcz\u0119dnego i Pasywnego, zorganizowanego przez Wielkopolsk\u0105 Agencj\u0119 Zarz\u0105dzania Energi\u0105 na Targach BUDMA 2011\u00a0<br \/><\/em><\/li><li><p>reprezentowanie Wydzia\u0142u Budownictwa i In\u017cynierii \u015arodowiska Politechniki Pozna\u0144skiej na spotkaniu na Uniwersytecie im. A. Mickiewicza w Poznaniu w ramach projektu systemowego \u201eKampania promocyjna na rzecz kierunk\u00f3w matematycznych, przyrodniczych, technicznych\u201d 2010<\/p><\/li><\/ul>\t\t\t\t\t\t\t\t<\/div>\n\t\t\t\t<\/div>\n\t\t\t\t<div class=\"elementor-element elementor-element-f7aa652 elementor-widget elementor-widget-text-editor\" data-id=\"f7aa652\" data-element_type=\"widget\" data-e-type=\"widget\" data-widget_type=\"text-editor.default\">\n\t\t\t\t<div class=\"elementor-widget-container\">\n\t\t\t\t\t\t\t\t\t<h6>NAGRODY I WYR\u00d3\u017bNIENIA<\/h6>\t\t\t\t\t\t\t\t<\/div>\n\t\t\t\t<\/div>\n\t\t\t\t<div class=\"elementor-element elementor-element-e4eb3a2 elementor-widget elementor-widget-text-editor\" data-id=\"e4eb3a2\" data-element_type=\"widget\" data-e-type=\"widget\" data-widget_type=\"text-editor.default\">\n\t\t\t\t<div class=\"elementor-widget-container\">\n\t\t\t\t\t\t\t\t\t<ul><li>2024 &#8211; Nagroda Rektora Politechniki Pozna\u0144skiej za osi\u0105gni\u0119cia naukowe<\/li><li>2023 &#8211; Wyr\u00f3\u017cnienie rozprawy doktorskiej &#8222;Wp\u0142yw parametr\u00f3w przegrody aktywowanej termicznie na komfort cieplny i zu\u017cycie energii\u201d na podstawie g\u0142osowania Rady Dyscypliny In\u017cynierii \u015arodowiska, G\u00f3rnictwa i Energetyki Politechniki Pozna\u0144skiej&#8221;<\/li><li>2017 &#8211; Nagroda Rektora Politechniki Pozna\u0144skiej za\u00a0osi\u0105gni\u0119cia naukowe uzyskane w roku akademickim 2016\/2017<\/li><li><p>2015 &#8211;\u00a0<span style=\"font-family: 'Times New Roman', serif; font-size: 12pt; text-align: justify; text-indent: 0em; color: var( --e-global-color-text );\">Nagroda Rektora Politechniki Pozna\u0144skiej za\u00a0osi\u0105gni\u0119cia naukowe uzyskane w roku akademickim 2014\/2015<\/span><\/p><\/li><\/ul>\t\t\t\t\t\t\t\t<\/div>\n\t\t\t\t<\/div>\n\t\t\t\t<div class=\"elementor-element elementor-element-33f416f elementor-widget elementor-widget-text-editor\" data-id=\"33f416f\" data-element_type=\"widget\" data-e-type=\"widget\" data-widget_type=\"text-editor.default\">\n\t\t\t\t<div class=\"elementor-widget-container\">\n\t\t\t\t\t\t\t\t\t<h6>Wsp\u00f3\u0142praca z otoczeniem spo\u0142eczno-gospodarczym<\/h6>\t\t\t\t\t\t\t\t<\/div>\n\t\t\t\t<\/div>\n\t\t\t\t<div class=\"elementor-element elementor-element-6718196 elementor-widget elementor-widget-text-editor\" data-id=\"6718196\" data-element_type=\"widget\" data-e-type=\"widget\" data-widget_type=\"text-editor.default\">\n\t\t\t\t<div class=\"elementor-widget-container\">\n\t\t\t\t\t\t\t\t\t<p><strong>Obs\u0142uga program\u00f3w<\/strong><\/p><ul><li>MS-Word, MS-Excel, MS-Power Point<\/li><li>AutoCAD<\/li><li>Instal-therm HCR, Instal-OZC, Instal-san TS<\/li><li>InstalSystem5<\/li><li>TRNSYS 17<\/li><li>MATLAB R2013a<\/li><li>STATISTICA<\/li><\/ul><p><strong>Zdolno\u015bci organizacyjne<\/strong><\/p><ul><li>umiej\u0119tno\u015b\u0107 prowadzenia bada\u0144 naukowych<\/li><li>budowa stanowiska pomiarowego w ramach rozprawy doktorskiej: <em>Wp\u0142yw parametr\u00f3w przegrody aktywowanej termicznie na komfort cieplny i zu\u017cycie energii<\/em> dzi\u0119ki wsparciu firmy budowlanej PERI Polska \u2013 Oddzia\u0142 Pozna\u0144<\/li><li>udzia\u0142 w zadaniach badawczych<\/li><li>dba\u0142o\u015b\u0107 o szczeg\u00f3\u0142y<\/li><\/ul><p><strong>J\u0119zyki<\/strong><\/p><ul><li>angielski (znajomo\u015b\u0107 dobra \u2013 w trakcie kszta\u0142cenia)<\/li><li>niemiecki (znajomo\u015b\u0107 podstawowa)<\/li><\/ul>\t\t\t\t\t\t\t\t<\/div>\n\t\t\t\t<\/div>\n\t\t\t\t\t<\/div>\n\t\t<\/div>\n\t\t\t\t\t<\/div>\n\t\t<\/section>\n\t\t\t\t<\/div>\n\t\t","protected":false},"excerpt":{"rendered":"<p>Zak\u0142ad Ogrzewnictwa, Klimatyzacji i Ochrony Powietrza Profil w Systemie Informacji Naukowej PP: Maria Ma\u0142ek SIN E-mail: maria.malek@put.poznan.pl Pok\u00f3j: 201B budynek WTCH &#8211;\u00a0LINK\u00a0(mapa kampusu) Konsultacje: &#8211;\u00a0LINK (wykaz konsultacji pracownik\u00f3w instytutu) Wykszta\u0142cenie 2014-2018 &#8211;\u00a0studia doktoranckie Budownictwo a \u015arodowisko na\u00a0Wydziale Budownictwa i In\u017cynierii \u015arodowiska, temat rozprawy doktorskiej: Wp\u0142yw parametr\u00f3w przegrody aktywowanej termicznie na &hellip;<\/p>\n","protected":false},"author":2,"featured_media":0,"parent":214,"menu_order":0,"comment_status":"closed","ping_status":"closed","template":"","meta":{"_monsterinsights_skip_tracking":false,"_monsterinsights_sitenote_active":false,"_monsterinsights_sitenote_note":"","_monsterinsights_sitenote_category":0,"footnotes":""},"class_list":["post-996","page","type-page","status-publish","hentry"],"_links":{"self":[{"href":"http:\/\/ee2.put.poznan.pl\/index.php\/wp-json\/wp\/v2\/pages\/996","targetHints":{"allow":["GET"]}}],"collection":[{"href":"http:\/\/ee2.put.poznan.pl\/index.php\/wp-json\/wp\/v2\/pages"}],"about":[{"href":"http:\/\/ee2.put.poznan.pl\/index.php\/wp-json\/wp\/v2\/types\/page"}],"author":[{"embeddable":true,"href":"http:\/\/ee2.put.poznan.pl\/index.php\/wp-json\/wp\/v2\/users\/2"}],"replies":[{"embeddable":true,"href":"http:\/\/ee2.put.poznan.pl\/index.php\/wp-json\/wp\/v2\/comments?post=996"}],"version-history":[{"count":32,"href":"http:\/\/ee2.put.poznan.pl\/index.php\/wp-json\/wp\/v2\/pages\/996\/revisions"}],"predecessor-version":[{"id":2851,"href":"http:\/\/ee2.put.poznan.pl\/index.php\/wp-json\/wp\/v2\/pages\/996\/revisions\/2851"}],"up":[{"embeddable":true,"href":"http:\/\/ee2.put.poznan.pl\/index.php\/wp-json\/wp\/v2\/pages\/214"}],"wp:attachment":[{"href":"http:\/\/ee2.put.poznan.pl\/index.php\/wp-json\/wp\/v2\/media?parent=996"}],"curies":[{"name":"wp","href":"https:\/\/api.w.org\/{rel}","templated":true}]}}