{"id":1280,"date":"2023-12-30T13:06:26","date_gmt":"2023-12-30T13:06:26","guid":{"rendered":"https:\/\/ee2.put.poznan.pl\/?page_id=1280"},"modified":"2024-01-22T00:25:13","modified_gmt":"2024-01-22T00:25:13","slug":"rekrutacja","status":"publish","type":"page","link":"https:\/\/ee2.put.poznan.pl\/index.php\/o-kierunku\/rekrutacja\/","title":{"rendered":"Rekrutacja"},"content":{"rendered":"\t\t<div data-elementor-type=\"wp-page\" data-elementor-id=\"1280\" class=\"elementor elementor-1280\">\n\t\t\t\t\t\t<section class=\"elementor-section elementor-top-section elementor-element elementor-element-26284db elementor-section-full_width elementor-section-height-default elementor-section-height-default\" data-id=\"26284db\" data-element_type=\"section\" data-e-type=\"section\">\n\t\t\t\t\t\t<div class=\"elementor-container elementor-column-gap-default\">\n\t\t\t\t\t<div class=\"elementor-column elementor-col-50 elementor-top-column elementor-element elementor-element-061ac3a\" data-id=\"061ac3a\" data-element_type=\"column\" data-e-type=\"column\">\n\t\t\t<div class=\"elementor-widget-wrap elementor-element-populated\">\n\t\t\t\t\t\t<div class=\"elementor-element elementor-element-9074c96 elementor-widget__width-initial elementor-widget elementor-widget-text-editor\" data-id=\"9074c96\" data-element_type=\"widget\" data-e-type=\"widget\" data-widget_type=\"text-editor.default\">\n\t\t\t\t<div class=\"elementor-widget-container\">\n\t\t\t\t\t\t\t\t\t<p>Dobry in\u017cynier nie mo\u017ce ogranicza\u0107 si\u0119 tylko do nabycia wiedzy i odtwarzania utartych schemat\u00f3w. Musi umie\u0107 rozwi\u0105zywa\u0107 problemy oraz identyfikowa\u0107 nowe zagro\u017cenia dla \u015brodowiska. Wymaga to kreatywno\u015bci i sprawnego poruszania si\u0119 mi\u0119dzy zagadnieniami z r\u00f3\u017cnych obszar\u00f3w nauki i techniki. Bez solidnych podstaw zdobytych w czasie zaj\u0119\u0107 dydaktycznych oraz w\u0142asnej pracy jest to niemo\u017cliwe. Studiowanie na kierunku In\u017cynierii \u015arodowiska jest bardzo ciekawe, interdyscyplinarne ale wymaga zaanga\u017cowania i systematyczno\u015bci.\u00a0<\/p><p><strong>Po\u017c\u0105dane cechy kandydata na pierwszy stopie\u0144 studi\u00f3w (in\u017cynierskich)<\/strong> obejmuj\u0105 przede wszystkim:<\/p><ul><li>zainteresowanie przedmiotami \u015bcis\u0142ymi i\u00a0przyrodniczymi (matematyka, fizyka, chemia, informatyka)\u00a0<\/li><li>predyspozycje do tw\u00f3rczego rozwi\u0105zywania zagadnie\u0144 technicznych<\/li><\/ul><div><strong>Kandydaci na drugi stopie\u0144 studi\u00f3w (magisterskich)<\/strong> powinni wyr\u00f3\u017cnia\u0107 si\u0119:<\/div><div><ul><li>ch\u0119ci\u0105 poszerzania wiedzy i umiej\u0119tno\u015bci in\u017cynierskich<\/li><li>zainteresowaniem zdobyciem jednej z dw\u00f3ch specjalno\u015bci, a mianowicie zaopatrzenie w wod\u0119, ochrona w\u00f3d i gleby lub zaopatrzenie w ciep\u0142o, klimatyzacja i ochrona powietrza<\/li><\/ul><p>Wi\u0119cej informacji o <strong>organizacji studi\u00f3w<\/strong> i ich programie wraz z wyszczeg\u00f3lnieniem przedmiot\u00f3w zawarto na stronie <strong><a href=\"https:\/\/ee2.put.poznan.pl\/index.php\/organizacja-studiow\/\">Organizacja studi\u00f3w<\/a><\/strong><\/p><\/div><h1 style=\"text-align: center;\"><a href=\"https:\/\/ee2.put.poznan.pl\/index.php\/organizacja-studiow\/\"><strong>Czytaj dalej &#8211; organizacja studi\u00f3w<\/strong><\/a><\/h1><p>Szczeg\u00f3\u0142owe informacje dotycz\u0105ce rekrutacji na kierunek In\u017cynieria \u015arodowiska na Politechnice Pozna\u0144skiej zawarto na stronie internetowej <strong><a href=\"https:\/\/put.poznan.pl\/rekrutacja\" target=\"_blank\" rel=\"noopener\">Politechniki Pozna\u0144skiej<\/a><\/strong><\/p><h1 style=\"text-align: center;\"><a href=\"https:\/\/put.poznan.pl\/rekrutacja\" target=\"_blank\" rel=\"noopener\"><strong>Czytaj dalej o rekrutacji na stronie Politechniki Pozna\u0144skiej<\/strong><\/a><\/h1>\t\t\t\t\t\t\t\t<\/div>\n\t\t\t\t<\/div>\n\t\t\t\t\t<\/div>\n\t\t<\/div>\n\t\t\t\t<div class=\"elementor-column elementor-col-50 elementor-top-column elementor-element elementor-element-d29b542\" data-id=\"d29b542\" data-element_type=\"column\" data-e-type=\"column\">\n\t\t\t<div class=\"elementor-widget-wrap elementor-element-populated\">\n\t\t\t\t\t\t<div class=\"elementor-element elementor-element-d91fbfc elementor-widget elementor-widget-wp-widget-nav_menu\" data-id=\"d91fbfc\" data-element_type=\"widget\" data-e-type=\"widget\" data-widget_type=\"wp-widget-nav_menu.default\">\n\t\t\t\t<div class=\"elementor-widget-container\">\n\t\t\t\t\t<div class=\"menu-menu-boczne-kandydat_student-container\"><ul id=\"menu-menu-boczne-kandydat_student\" class=\"menu\"><li id=\"menu-item-485\" class=\"menu-item menu-item-type-post_type menu-item-object-page menu-item-has-children menu-item-485\"><a href=\"https:\/\/ee2.put.poznan.pl\/index.php\/o-kierunku\/\">Kandydat<\/a>\n<ul class=\"sub-menu\">\n\t<li id=\"menu-item-501\" class=\"menu-item menu-item-type-post_type menu-item-object-page menu-item-501\"><a href=\"https:\/\/ee2.put.poznan.pl\/index.php\/o-kierunku\/\">O kierunku<\/a><\/li>\n\t<li id=\"menu-item-486\" class=\"menu-item menu-item-type-post_type menu-item-object-page menu-item-486\"><a href=\"https:\/\/ee2.put.poznan.pl\/index.php\/o-kierunku\/oferta_i_baza_dydaktyczna\/\">Oferta i baza dydaktyczna<\/a><\/li>\n\t<li id=\"menu-item-1363\" class=\"menu-item menu-item-type-post_type menu-item-object-page menu-item-1363\"><a href=\"https:\/\/ee2.put.poznan.pl\/index.php\/o-kierunku\/rekrutacja\/\">Rekrutacja<\/a><\/li>\n\t<li id=\"menu-item-2314\" class=\"menu-item menu-item-type-post_type menu-item-object-page menu-item-2314\"><a href=\"https:\/\/ee2.put.poznan.pl\/index.php\/o-kierunku\/studia-podyplomowe\/\">Studia podyplomowe<\/a><\/li>\n<\/ul>\n<\/li>\n<li id=\"menu-item-1634\" class=\"menu-item menu-item-type-post_type menu-item-object-page menu-item-has-children menu-item-1634\"><a href=\"https:\/\/ee2.put.poznan.pl\/index.php\/student\/rok-akademicki\/\">Student<\/a>\n<ul class=\"sub-menu\">\n\t<li id=\"menu-item-562\" class=\"menu-item menu-item-type-post_type menu-item-object-page menu-item-562\"><a href=\"https:\/\/ee2.put.poznan.pl\/index.php\/student\/rok-akademicki\/\">Bie\u017c\u0105cy semestr<\/a><\/li>\n\t<li id=\"menu-item-561\" class=\"menu-item menu-item-type-post_type menu-item-object-page menu-item-561\"><a href=\"https:\/\/ee2.put.poznan.pl\/index.php\/student\/organizacja-studiow\/\">Organizacja studi\u00f3w<\/a><\/li>\n\t<li id=\"menu-item-563\" class=\"menu-item menu-item-type-post_type menu-item-object-page menu-item-563\"><a href=\"https:\/\/ee2.put.poznan.pl\/index.php\/student\/strefa-socjalna\/\">Strefa socjalna<\/a><\/li>\n\t<li id=\"menu-item-560\" class=\"menu-item menu-item-type-post_type menu-item-object-page menu-item-560\"><a href=\"https:\/\/ee2.put.poznan.pl\/index.php\/student\/dodatkowe-aktywnosci\/\">Dodatkowe aktywno\u015bci<\/a><\/li>\n\t<li id=\"menu-item-1630\" class=\"menu-item menu-item-type-post_type menu-item-object-page menu-item-1630\"><a href=\"https:\/\/ee2.put.poznan.pl\/index.php\/student\/oferty-pracy-stazy-praktyk\/\">Oferty pracy, sta\u017cy, praktyk<\/a><\/li>\n<\/ul>\n<\/li>\n<\/ul><\/div>\t\t\t\t<\/div>\n\t\t\t\t<\/div>\n\t\t\t\t\t<\/div>\n\t\t<\/div>\n\t\t\t\t\t<\/div>\n\t\t<\/section>\n\t\t\t\t<\/div>\n\t\t","protected":false},"excerpt":{"rendered":"<p>Dobry in\u017cynier nie mo\u017ce ogranicza\u0107 si\u0119 tylko do nabycia wiedzy i odtwarzania utartych schemat\u00f3w. Musi umie\u0107 rozwi\u0105zywa\u0107 problemy oraz identyfikowa\u0107 nowe zagro\u017cenia dla \u015brodowiska. Wymaga to kreatywno\u015bci i sprawnego poruszania si\u0119 mi\u0119dzy zagadnieniami z r\u00f3\u017cnych obszar\u00f3w nauki i techniki. Bez solidnych podstaw zdobytych w czasie zaj\u0119\u0107 dydaktycznych oraz w\u0142asnej pracy &hellip;<\/p>\n","protected":false},"author":2,"featured_media":0,"parent":283,"menu_order":0,"comment_status":"closed","ping_status":"closed","template":"","meta":{"_monsterinsights_skip_tracking":false,"_monsterinsights_sitenote_active":false,"_monsterinsights_sitenote_note":"","_monsterinsights_sitenote_category":0,"footnotes":""},"class_list":["post-1280","page","type-page","status-publish","hentry"],"_links":{"self":[{"href":"https:\/\/ee2.put.poznan.pl\/index.php\/wp-json\/wp\/v2\/pages\/1280","targetHints":{"allow":["GET"]}}],"collection":[{"href":"https:\/\/ee2.put.poznan.pl\/index.php\/wp-json\/wp\/v2\/pages"}],"about":[{"href":"https:\/\/ee2.put.poznan.pl\/index.php\/wp-json\/wp\/v2\/types\/page"}],"author":[{"embeddable":true,"href":"https:\/\/ee2.put.poznan.pl\/index.php\/wp-json\/wp\/v2\/users\/2"}],"replies":[{"embeddable":true,"href":"https:\/\/ee2.put.poznan.pl\/index.php\/wp-json\/wp\/v2\/comments?post=1280"}],"version-history":[{"count":53,"href":"https:\/\/ee2.put.poznan.pl\/index.php\/wp-json\/wp\/v2\/pages\/1280\/revisions"}],"predecessor-version":[{"id":1948,"href":"https:\/\/ee2.put.poznan.pl\/index.php\/wp-json\/wp\/v2\/pages\/1280\/revisions\/1948"}],"up":[{"embeddable":true,"href":"https:\/\/ee2.put.poznan.pl\/index.php\/wp-json\/wp\/v2\/pages\/283"}],"wp:attachment":[{"href":"https:\/\/ee2.put.poznan.pl\/index.php\/wp-json\/wp\/v2\/media?parent=1280"}],"curies":[{"name":"wp","href":"https:\/\/api.w.org\/{rel}","templated":true}]}}