{"id":2460,"date":"2024-03-07T20:01:43","date_gmt":"2024-03-07T20:01:43","guid":{"rendered":"https:\/\/ee2.put.poznan.pl\/?page_id=2460"},"modified":"2024-03-08T20:31:14","modified_gmt":"2024-03-08T20:31:14","slug":"hanna-prusak","status":"publish","type":"page","link":"https:\/\/ee2.put.poznan.pl\/index.php\/o-instytucie\/kadra\/hanna-prusak\/","title":{"rendered":"mgr in\u017c. Hanna Prusak"},"content":{"rendered":"\t\t<div data-elementor-type=\"wp-page\" data-elementor-id=\"2460\" class=\"elementor elementor-2460\">\n\t\t\t\t\t\t<section class=\"elementor-section elementor-top-section elementor-element elementor-element-4984412 elementor-section-boxed elementor-section-height-default elementor-section-height-default\" data-id=\"4984412\" data-element_type=\"section\">\n\t\t\t\t\t\t<div class=\"elementor-container elementor-column-gap-default\">\n\t\t\t\t\t<div class=\"elementor-column elementor-col-66 elementor-top-column elementor-element elementor-element-05cabc7\" data-id=\"05cabc7\" data-element_type=\"column\">\n\t\t\t<div class=\"elementor-widget-wrap elementor-element-populated\">\n\t\t\t\t\t\t<div class=\"elementor-element elementor-element-2ed428c elementor-widget elementor-widget-text-editor\" data-id=\"2ed428c\" data-element_type=\"widget\" data-widget_type=\"text-editor.default\">\n\t\t\t\t<div class=\"elementor-widget-container\">\n\t\t\t\t\t\t\t\t\t<p>Zak\u0142ad Zaopatrzenia w Wod\u0119 i Biogospodarki<\/p>\t\t\t\t\t\t\t\t<\/div>\n\t\t\t\t<\/div>\n\t\t\t\t<div class=\"elementor-element elementor-element-b89ac92 e-transform elementor-widget-divider--view-line elementor-invisible elementor-widget elementor-widget-divider\" data-id=\"b89ac92\" data-element_type=\"widget\" data-settings=\"{&quot;_animation&quot;:&quot;fadeInUp&quot;,&quot;_transform_scale_effect&quot;:{&quot;unit&quot;:&quot;px&quot;,&quot;size&quot;:&quot;&quot;,&quot;sizes&quot;:[]},&quot;_transform_scale_effect_tablet&quot;:{&quot;unit&quot;:&quot;px&quot;,&quot;size&quot;:&quot;&quot;,&quot;sizes&quot;:[]},&quot;_transform_scale_effect_mobile&quot;:{&quot;unit&quot;:&quot;px&quot;,&quot;size&quot;:&quot;&quot;,&quot;sizes&quot;:[]}}\" data-widget_type=\"divider.default\">\n\t\t\t\t<div class=\"elementor-widget-container\">\n\t\t\t\t\t\t\t<div class=\"elementor-divider\">\n\t\t\t<span class=\"elementor-divider-separator\">\n\t\t\t\t\t\t<\/span>\n\t\t<\/div>\n\t\t\t\t\t\t<\/div>\n\t\t\t\t<\/div>\n\t\t\t\t<div class=\"elementor-element elementor-element-cbe4f2b elementor-widget elementor-widget-text-editor\" data-id=\"cbe4f2b\" data-element_type=\"widget\" data-widget_type=\"text-editor.default\">\n\t\t\t\t<div class=\"elementor-widget-container\">\n\t\t\t\t\t\t\t\t\t<p>Profil w Systemie Informacji Naukowej PP: <a href=\"https:\/\/sin.put.poznan.pl\/people\/details\/hanna.prusak\" target=\"_blank\" rel=\"noreferrer noopener\">Hanna Prusak SIN<\/a><\/p><p>E-mail: <a href=\"mailto:hanna.prusak@doctorate.put.poznan.pl\">hanna.prusak@doctorate.put.poznan.pl<\/a><\/p><p style=\"font-style: normal;font-weight: 400;font-size: 15px;font-family: Roboto, sans-serif;text-indent: 0px\">Pok\u00f3j: 301B, budynek WTCH &#8211; <a style=\"font-style: normal;font-weight: 400;font-size: 15px;font-family: Roboto, sans-serif;text-align: inherit\" href=\"https:\/\/isie.put.poznan.pl\/sites\/default\/files\/2021-11\/Instytut%20In%C5%BCynierii%20%C5%9Arodowiska%20i%20Instalacji%20Budowlanych-konsultacje.pdf\" target=\"_blank\" rel=\"noreferrer noopener\">LINK<\/a><span style=\"font-style: normal;font-weight: 400;font-size: 15px;font-family: Roboto, sans-serif;color: var( --e-global-color-text );text-align: inherit\">\u00a0(<\/span><a style=\"font-style: normal;font-weight: 400;font-size: 15px;font-family: Roboto, sans-serif;text-align: inherit\" href=\"https:\/\/isie.put.poznan.pl\/sites\/default\/files\/inline-files\/OZNACZENIA%20W%20PLANIE%20ZAJ%C4%98%C4%86.pdf\" target=\"_blank\" rel=\"noreferrer noopener\">mapa kampusu<\/a><span style=\"font-style: normal;font-weight: 400;font-size: 15px;font-family: Roboto, sans-serif;color: var( --e-global-color-text );text-align: inherit\">)<\/span><\/p>\t\t\t\t\t\t\t\t<\/div>\n\t\t\t\t<\/div>\n\t\t\t\t\t<\/div>\n\t\t<\/div>\n\t\t\t\t<div class=\"elementor-column elementor-col-33 elementor-top-column elementor-element elementor-element-47d3886\" data-id=\"47d3886\" data-element_type=\"column\">\n\t\t\t<div class=\"elementor-widget-wrap elementor-element-populated\">\n\t\t\t\t\t\t<div class=\"elementor-element elementor-element-7e47e9e elementor-invisible elementor-widget elementor-widget-image\" data-id=\"7e47e9e\" data-element_type=\"widget\" data-settings=\"{&quot;_animation&quot;:&quot;fadeInUp&quot;}\" data-widget_type=\"image.default\">\n\t\t\t\t<div class=\"elementor-widget-container\">\n\t\t\t\t\t\t\t\t\t\t\t\t\t\t\t<img fetchpriority=\"high\" decoding=\"async\" width=\"226\" height=\"300\" src=\"https:\/\/ee2.put.poznan.pl\/wp-content\/uploads\/2024\/03\/sylwetka_prusak_hanna-226x300.jpg\" class=\"elementor-animation-grow attachment-medium size-medium wp-image-2452\" alt=\"\" srcset=\"https:\/\/ee2.put.poznan.pl\/wp-content\/uploads\/2024\/03\/sylwetka_prusak_hanna-226x300.jpg 226w, https:\/\/ee2.put.poznan.pl\/wp-content\/uploads\/2024\/03\/sylwetka_prusak_hanna.jpg 541w\" sizes=\"(max-width: 226px) 100vw, 226px\" \/>\t\t\t\t\t\t\t\t\t\t\t\t\t\t\t<\/div>\n\t\t\t\t<\/div>\n\t\t\t\t\t<\/div>\n\t\t<\/div>\n\t\t\t\t\t<\/div>\n\t\t<\/section>\n\t\t\t\t<section class=\"elementor-section elementor-top-section elementor-element elementor-element-99e1b4c elementor-section-boxed elementor-section-height-default elementor-section-height-default\" data-id=\"99e1b4c\" data-element_type=\"section\">\n\t\t\t\t\t\t<div class=\"elementor-container elementor-column-gap-default\">\n\t\t\t\t\t<div class=\"elementor-column elementor-col-100 elementor-top-column elementor-element elementor-element-5cea796\" data-id=\"5cea796\" data-element_type=\"column\">\n\t\t\t<div class=\"elementor-widget-wrap elementor-element-populated\">\n\t\t\t\t\t\t<div class=\"elementor-element elementor-element-4d122d1 e-transform elementor-widget-divider--view-line elementor-invisible elementor-widget elementor-widget-divider\" data-id=\"4d122d1\" data-element_type=\"widget\" data-settings=\"{&quot;_animation&quot;:&quot;fadeInUp&quot;,&quot;_transform_scale_effect&quot;:{&quot;unit&quot;:&quot;px&quot;,&quot;size&quot;:&quot;&quot;,&quot;sizes&quot;:[]},&quot;_transform_scale_effect_tablet&quot;:{&quot;unit&quot;:&quot;px&quot;,&quot;size&quot;:&quot;&quot;,&quot;sizes&quot;:[]},&quot;_transform_scale_effect_mobile&quot;:{&quot;unit&quot;:&quot;px&quot;,&quot;size&quot;:&quot;&quot;,&quot;sizes&quot;:[]}}\" data-widget_type=\"divider.default\">\n\t\t\t\t<div class=\"elementor-widget-container\">\n\t\t\t\t\t\t\t<div class=\"elementor-divider\">\n\t\t\t<span class=\"elementor-divider-separator\">\n\t\t\t\t\t\t<\/span>\n\t\t<\/div>\n\t\t\t\t\t\t<\/div>\n\t\t\t\t<\/div>\n\t\t\t\t<div class=\"elementor-element elementor-element-e5bfd3e elementor-widget elementor-widget-text-editor\" data-id=\"e5bfd3e\" data-element_type=\"widget\" data-widget_type=\"text-editor.default\">\n\t\t\t\t<div class=\"elementor-widget-container\">\n\t\t\t\t\t\t\t\t\t<h6>Informacje og\u00f3lne<\/h6>\t\t\t\t\t\t\t\t<\/div>\n\t\t\t\t<\/div>\n\t\t\t\t<div class=\"elementor-element elementor-element-972cf87 elementor-widget elementor-widget-text-editor\" data-id=\"972cf87\" data-element_type=\"widget\" data-widget_type=\"text-editor.default\">\n\t\t\t\t<div class=\"elementor-widget-container\">\n\t\t\t\t\t\t\t\t\t<p>Mgr in\u017c. Hanna Prusak (ur. 1998r.) realizuje prac\u0119 doktorsk\u0105 w Zak\u0142adzie Zaopatrzenia w Wod\u0119 i Biogospodarki, Instytut In\u017cynierii \u015arodowiska i Instalacji Budowlanych Politechniki Pozna\u0144skiej.<br \/>Zainteresowania naukowe koncentruj\u0105 si\u0119 na obszarach biorafinerii, biotechnologii przemys\u0142owej i \u015brodowiskowej, zw\u0142aszcza na doskonaleniu proces\u00f3w produkcji warto\u015bciowych bioprodukt\u00f3w z surowc\u00f3w odpadowych. Badania prowadzone w celu realizacji pracy doktorskiej obejmuj\u0105 wykorzystanie mieszanych kultur bakterii w procesach biologicznego przetwarzania odpad\u00f3w, skupiaj\u0105c si\u0119 na generowaniu kr\u00f3tko- i \u015brednio\u0142a\u0144cuchowych kwas\u00f3w karboksylowych. W ramach prowadzonych bada\u0144 optymalizowane s\u0105 systemy hodowli bioreaktorowych, analizowane metabolity zewn\u0105trz- i wewn\u0105trzkom\u00f3rkowe (GC, HPLC) oraz analizowany sk\u0142ad mikrobiomu (NGS).<\/p>\t\t\t\t\t\t\t\t<\/div>\n\t\t\t\t<\/div>\n\t\t\t\t<div class=\"elementor-element elementor-element-380d2e9 elementor-widget elementor-widget-text-editor\" data-id=\"380d2e9\" data-element_type=\"widget\" data-widget_type=\"text-editor.default\">\n\t\t\t\t<div class=\"elementor-widget-container\">\n\t\t\t\t\t\t\t\t\t<h6>Wykszta\u0142cenie<\/h6>\t\t\t\t\t\t\t\t<\/div>\n\t\t\t\t<\/div>\n\t\t\t\t<div class=\"elementor-element elementor-element-20d2971 elementor-widget elementor-widget-text-editor\" data-id=\"20d2971\" data-element_type=\"widget\" data-widget_type=\"text-editor.default\">\n\t\t\t\t<div class=\"elementor-widget-container\">\n\t\t\t\t\t\t\t\t\t<ul><li><strong>2022 \u2013 aktualnie \u2013 studia doktoranckie<\/strong><br \/>w dyscyplinie: in\u017cynieria \u015brodowiska, g\u00f3rnictwo i energetyka<br \/>Wydzia\u0142 In\u017cynierii \u015arodowiska i Energetyki<br \/>Politechnika Pozna\u0144ska<br \/>Tytu\u0142 pracy doktorskiej: \u201eMikrobiologiczna produkcja kwasu bursztynowego z odpad\u00f3w i \u015bciek\u00f3w\u201d<\/li><li><strong>2021 \u2013 2022 \u2013 studia magisterskie<\/strong><br \/>kierunek: biotechnologia<br \/>specjalizacja: biotechnologia przemys\u0142owa<br \/>Wydzia\u0142 Rolnictwa i Bioin\u017cynierii, Uniwersytet Przyrodniczy w Poznaniu<br \/>Temat pracy magisterskiej: &#8222;Wspomagana cytometri\u0105 z obrazowaniem izolacja wysokot\u0142uszczowych mikroalg z wykorzystaniem sortera kom\u00f3rkowego&#8221;<\/li><li><strong>2017 \u2013 2021 \u2013 studia in\u017cynierskie<\/strong><br \/>kierunek: biotechnologia<br \/>Wydzia\u0142 Rolnictwa i Bioin\u017cynierii, Uniwersytet Przyrodniczy w Poznaniu<br \/>Temat pracy in\u017cynierskiej: &#8222;Wp\u0142yw wybranych cieczy jonowych na quorum sensing wybranych grup bakterii&#8221;<\/li><\/ul>\t\t\t\t\t\t\t\t<\/div>\n\t\t\t\t<\/div>\n\t\t\t\t<div class=\"elementor-element elementor-element-3bcf764 elementor-widget elementor-widget-text-editor\" data-id=\"3bcf764\" data-element_type=\"widget\" data-widget_type=\"text-editor.default\">\n\t\t\t\t<div class=\"elementor-widget-container\">\n\t\t\t\t\t\t\t\t\t<h6><span style=\"font-family: Raleway;font-size: 14.7px;font-style: normal;font-weight: bold\">Charakterystyka dorobku naukowego i najwa\u017cniejsze prace<\/span><\/h6>\t\t\t\t\t\t\t\t<\/div>\n\t\t\t\t<\/div>\n\t\t\t\t<div class=\"elementor-element elementor-element-cbdae1a elementor-widget elementor-widget-text-editor\" data-id=\"cbdae1a\" data-element_type=\"widget\" data-widget_type=\"text-editor.default\">\n\t\t\t\t<div class=\"elementor-widget-container\">\n\t\t\t\t\t\t\t\t\t<p>Zainteresowania naukowe obejmuj\u0105 problemy dotycz\u0105ce m.in.:<\/p><ul><li>Fermentacja z u\u017cyciem mieszanych kultur bakterii<\/li><li>Biokonwersja frakcji odpad\u00f3w organicznych<\/li><li>Produkcja kr\u00f3tko- i \u015brednio-\u0142a\u0144cuchowych kwas\u00f3w karboksylowych<\/li><\/ul><p>Szczeg\u00f3\u0142owy wykaz dorobku naukowego dost\u0119pny w SIN:<strong> <a href=\"https:\/\/sin.put.poznan.pl\/people\/details\/hanna.prusak\" target=\"_blank\" rel=\"noreferrer noopener\">Hanna Prusak SIN<\/a><\/strong><\/p>\t\t\t\t\t\t\t\t<\/div>\n\t\t\t\t<\/div>\n\t\t\t\t<div class=\"elementor-element elementor-element-99afcad elementor-widget elementor-widget-text-editor\" data-id=\"99afcad\" data-element_type=\"widget\" data-widget_type=\"text-editor.default\">\n\t\t\t\t<div class=\"elementor-widget-container\">\n\t\t\t\t\t\t\t\t\t<h6><span style=\"font-family: Raleway;font-size: 14.7px;font-style: normal;font-weight: 700\">DZIA\u0141ALNO\u015a\u0106 ORGANIZACYJNA<\/span><br><\/h6>\t\t\t\t\t\t\t\t<\/div>\n\t\t\t\t<\/div>\n\t\t\t\t<div class=\"elementor-element elementor-element-3013c8c elementor-widget elementor-widget-text-editor\" data-id=\"3013c8c\" data-element_type=\"widget\" data-widget_type=\"text-editor.default\">\n\t\t\t\t<div class=\"elementor-widget-container\">\n\t\t\t\t\t\t\t\t\t<ul><li>2022 \u2013 aktualnie \u2013 Cz\u0142onek Wydzia\u0142owej Rady Doktorant\u00f3w Wydzia\u0142u In\u017cynierii \u015arodowiska i Energetyki<\/li><\/ul>\t\t\t\t\t\t\t\t<\/div>\n\t\t\t\t<\/div>\n\t\t\t\t<div class=\"elementor-element elementor-element-26f1b11 elementor-widget elementor-widget-text-editor\" data-id=\"26f1b11\" data-element_type=\"widget\" data-widget_type=\"text-editor.default\">\n\t\t\t\t<div class=\"elementor-widget-container\">\n\t\t\t\t\t\t\t\t\t<h6><span style=\"font-family: Raleway;font-size: 14.7px;font-style: normal;font-weight: bold\">Projekty, granty i sta\u017ce naukowe<\/span><\/h6>\t\t\t\t\t\t\t\t<\/div>\n\t\t\t\t<\/div>\n\t\t\t\t<div class=\"elementor-element elementor-element-b4e6c14 elementor-widget elementor-widget-text-editor\" data-id=\"b4e6c14\" data-element_type=\"widget\" data-widget_type=\"text-editor.default\">\n\t\t\t\t<div class=\"elementor-widget-container\">\n\t\t\t\t\t\t\t\t\t<ul><li>2022 \u2013 aktualnie \u2013 Opus 22 (NCN) \u2013 wykonawca projektu: Bioprocesy oparte na mikrobiomie &#8211; dog\u0142\u0119bna analiza w celu zrozumienia, hodowli i ewolucyjnego doskonalenia spo\u0142eczno\u015bci mikroorganizm\u00f3w &#8211; BioMINE w ramach konkursu OPUS 22., nr UMO- 2021\/43\/B\/ST8\/00393, (PI: prof. dr. hab in\u017c. Piotr Ole\u015bkowicz-Popiel)<\/li><li>2023 \u2013 SIAM Talent Grant \u2013 grant na realizacj\u0119 sta\u017cu naukowego na Wageningen University &amp; Research w terminie od kwietnia do pa\u017adziernika 2024 (opiekun naukowy: prof. dr. Diana Machado de Sousa).<\/li><li>2021-06.2022 \u2013 Sonata 15 (NCN) \u2013 stypendium M\u0142odego Naukowca, asystent w prowadzonych badaniach: Produkcja kopolimer\u00f3w PHA przy u\u017cyciu mikrobiomu w fermentacji gazowej metanu, nr UMO-2019\/35\/D\/ST8\/03530, (PI: dr in\u017c. Mateusz \u0141\u0119\u017cyk)<\/li><\/ul>\t\t\t\t\t\t\t\t<\/div>\n\t\t\t\t<\/div>\n\t\t\t\t\t<\/div>\n\t\t<\/div>\n\t\t\t\t\t<\/div>\n\t\t<\/section>\n\t\t\t\t<\/div>\n\t\t","protected":false},"excerpt":{"rendered":"<p>Zak\u0142ad Zaopatrzenia w Wod\u0119 i Biogospodarki Profil w Systemie Informacji Naukowej PP: Hanna Prusak SIN E-mail: hanna.prusak@doctorate.put.poznan.pl Pok\u00f3j: 301B, budynek WTCH &#8211; LINK\u00a0(mapa kampusu) Informacje og\u00f3lne Mgr in\u017c. Hanna Prusak (ur. 1998r.) realizuje prac\u0119 doktorsk\u0105 w Zak\u0142adzie Zaopatrzenia w Wod\u0119 i Biogospodarki, Instytut In\u017cynierii \u015arodowiska i Instalacji Budowlanych Politechniki Pozna\u0144skiej.Zainteresowania &hellip;<\/p>\n","protected":false},"author":2,"featured_media":2452,"parent":214,"menu_order":0,"comment_status":"closed","ping_status":"closed","template":"","meta":{"_monsterinsights_skip_tracking":false,"_monsterinsights_sitenote_active":false,"_monsterinsights_sitenote_note":"","_monsterinsights_sitenote_category":0,"footnotes":""},"class_list":["post-2460","page","type-page","status-publish","has-post-thumbnail","hentry"],"_links":{"self":[{"href":"https:\/\/ee2.put.poznan.pl\/index.php\/wp-json\/wp\/v2\/pages\/2460","targetHints":{"allow":["GET"]}}],"collection":[{"href":"https:\/\/ee2.put.poznan.pl\/index.php\/wp-json\/wp\/v2\/pages"}],"about":[{"href":"https:\/\/ee2.put.poznan.pl\/index.php\/wp-json\/wp\/v2\/types\/page"}],"author":[{"embeddable":true,"href":"https:\/\/ee2.put.poznan.pl\/index.php\/wp-json\/wp\/v2\/users\/2"}],"replies":[{"embeddable":true,"href":"https:\/\/ee2.put.poznan.pl\/index.php\/wp-json\/wp\/v2\/comments?post=2460"}],"version-history":[{"count":22,"href":"https:\/\/ee2.put.poznan.pl\/index.php\/wp-json\/wp\/v2\/pages\/2460\/revisions"}],"predecessor-version":[{"id":2505,"href":"https:\/\/ee2.put.poznan.pl\/index.php\/wp-json\/wp\/v2\/pages\/2460\/revisions\/2505"}],"up":[{"embeddable":true,"href":"https:\/\/ee2.put.poznan.pl\/index.php\/wp-json\/wp\/v2\/pages\/214"}],"wp:featuredmedia":[{"embeddable":true,"href":"https:\/\/ee2.put.poznan.pl\/index.php\/wp-json\/wp\/v2\/media\/2452"}],"wp:attachment":[{"href":"https:\/\/ee2.put.poznan.pl\/index.php\/wp-json\/wp\/v2\/media?parent=2460"}],"curies":[{"name":"wp","href":"https:\/\/api.w.org\/{rel}","templated":true}]}}