{"id":273,"date":"2023-02-17T20:42:36","date_gmt":"2023-02-17T20:42:36","guid":{"rendered":"http:\/\/ee2.put.poznan.pl\/?page_id=273"},"modified":"2024-01-22T00:21:56","modified_gmt":"2024-01-22T00:21:56","slug":"wspolpraca-z-przemyslem","status":"publish","type":"page","link":"https:\/\/ee2.put.poznan.pl\/index.php\/badania\/wspolpraca-z-przemyslem\/","title":{"rendered":"Wsp\u00f3\u0142praca z przemys\u0142em"},"content":{"rendered":"\t\t<div data-elementor-type=\"wp-page\" data-elementor-id=\"273\" class=\"elementor elementor-273\">\n\t\t\t\t\t\t<section class=\"elementor-section elementor-top-section elementor-element elementor-element-2d8cedbd elementor-section-boxed elementor-section-height-default elementor-section-height-default\" data-id=\"2d8cedbd\" data-element_type=\"section\">\n\t\t\t\t\t\t<div class=\"elementor-container elementor-column-gap-default\">\n\t\t\t\t\t<div class=\"elementor-column elementor-col-33 elementor-top-column elementor-element elementor-element-4c552b31\" data-id=\"4c552b31\" data-element_type=\"column\">\n\t\t\t<div class=\"elementor-widget-wrap elementor-element-populated\">\n\t\t\t\t\t\t<div class=\"elementor-element elementor-element-d06f1aa elementor-widget elementor-widget-html\" data-id=\"d06f1aa\" data-element_type=\"widget\" data-widget_type=\"html.default\">\n\t\t\t\t<div class=\"elementor-widget-container\">\n\t\t\t\t\t<script>\njQuery(document).ready(function($) {\nvar delay = 100; setTimeout(function() {\n$('.elementor-tab-title').removeClass('elementor-active');\n$('.elementor-tab-content').css('display', 'none'); }, delay);\n});\n<\/script>\t\t\t\t<\/div>\n\t\t\t\t<\/div>\n\t\t\t\t<div class=\"elementor-element elementor-element-38a655af elementor-widget elementor-widget-text-editor\" data-id=\"38a655af\" data-element_type=\"widget\" data-widget_type=\"text-editor.default\">\n\t\t\t\t<div class=\"elementor-widget-container\">\n\t\t\t\t\t\t\t\t\t<p><\/p>\n<p>Dzia\u0142alno\u015b\u0107 Instytutu obejmuje <strong>wsp\u00f3\u0142prac\u0119 z otoczeniem spo\u0142eczno-gospodarczym<\/strong>\u00a0w zakresie realizacji analiz pomiarowych, symulacyjnych, zada\u0144 optymalizacyjnych, audyt\u00f3w i opinii eksperckich.<\/p>\n<p>Przyk\u0142adowe analizy teoretyczne, zadania pomiarowe, prace optymalizacyjne, kt\u00f3re mog\u0105 zosta\u0107 zrealizowane we wsp\u00f3\u0142pracy z Instytutem zestawiono poni\u017cej (listy rozwijane po klikni\u0119ciu na nazw\u0119 zak\u0142adu).\u00a0<\/p>\n<p><\/p>\t\t\t\t\t\t\t\t<\/div>\n\t\t\t\t<\/div>\n\t\t\t\t<div class=\"elementor-element elementor-element-0b5de2d elementor-widget elementor-widget-accordion\" data-id=\"0b5de2d\" data-element_type=\"widget\" data-widget_type=\"accordion.default\">\n\t\t\t\t<div class=\"elementor-widget-container\">\n\t\t\t\t\t\t\t<div class=\"elementor-accordion\">\n\t\t\t\t\t\t\t<div class=\"elementor-accordion-item\">\n\t\t\t\t\t<div id=\"elementor-tab-title-1191\" class=\"elementor-tab-title\" data-tab=\"1\" role=\"button\" aria-controls=\"elementor-tab-content-1191\" aria-expanded=\"false\">\n\t\t\t\t\t\t\t\t\t\t\t\t\t<span class=\"elementor-accordion-icon elementor-accordion-icon-left\" aria-hidden=\"true\">\n\t\t\t\t\t\t\t\t\t\t\t\t\t\t\t<span class=\"elementor-accordion-icon-closed\"><i class=\"far fa-arrow-alt-circle-down\"><\/i><\/span>\n\t\t\t\t\t\t\t\t<span class=\"elementor-accordion-icon-opened\"><i class=\"far fa-check-circle\"><\/i><\/span>\n\t\t\t\t\t\t\t\t\t\t\t\t\t\t<\/span>\n\t\t\t\t\t\t\t\t\t\t\t\t<a class=\"elementor-accordion-title\" tabindex=\"0\">Zak\u0142ad Zaopatrzenia w Wod\u0119 i Biogospodarki - wsp\u00f3\u0142praca z przemys\u0142em<\/a>\n\t\t\t\t\t<\/div>\n\t\t\t\t\t<div id=\"elementor-tab-content-1191\" class=\"elementor-tab-content elementor-clearfix\" data-tab=\"1\" role=\"region\" aria-labelledby=\"elementor-tab-title-1191\"><ul>\n<li>Badania urz\u0105dze\u0144 i proces\u00f3w w systemach wodoci\u0105gowych i kanalizacyjnych<\/li>\n<li>Modelowanie i optymalizacja uk\u0142ad\u00f3w wodoci\u0105gowych<\/li>\n<li>Monitorowanie, modelowanie i ochrona w\u00f3d powierzchniowych<\/li>\n<li>Struktura osad\u00f3w pochodz\u0105cych z oczyszczania wody i \u015bciek\u00f3w<\/li>\n<li>Technologie i urz\u0105dzenia do uzdatniania wody i oczyszczania \u015bciek\u00f3w<\/li>\n<li>Metody uzdatniania wody, rekultywacja w\u00f3d i grunt\u00f3w<\/li>\n<li>Testy toksyczno\u015bci w ochronie i kontroli jako\u015bci w\u00f3d<\/li>\n<li>Integracja metod fizykochemicznych, biochemicznych i informatycznych w in\u017cynierii \u015brodowiska<\/li>\n<li>&#8230; i inne, zapraszamy do kontaktu (<strong><a href=\"https:\/\/ee2.put.poznan.pl\/index.php\/o-instytucie\/kontakt\/\">LINK &#8211; kontakt<\/a><\/strong>)<\/li>\n<\/ul><\/div>\n\t\t\t\t<\/div>\n\t\t\t\t\t\t\t<div class=\"elementor-accordion-item\">\n\t\t\t\t\t<div id=\"elementor-tab-title-1192\" class=\"elementor-tab-title\" data-tab=\"2\" role=\"button\" aria-controls=\"elementor-tab-content-1192\" aria-expanded=\"false\">\n\t\t\t\t\t\t\t\t\t\t\t\t\t<span class=\"elementor-accordion-icon elementor-accordion-icon-left\" aria-hidden=\"true\">\n\t\t\t\t\t\t\t\t\t\t\t\t\t\t\t<span class=\"elementor-accordion-icon-closed\"><i class=\"far fa-arrow-alt-circle-down\"><\/i><\/span>\n\t\t\t\t\t\t\t\t<span class=\"elementor-accordion-icon-opened\"><i class=\"far fa-check-circle\"><\/i><\/span>\n\t\t\t\t\t\t\t\t\t\t\t\t\t\t<\/span>\n\t\t\t\t\t\t\t\t\t\t\t\t<a class=\"elementor-accordion-title\" tabindex=\"0\">Zak\u0142ad Ogrzewnictwa, Klimatyzacji i Ochrony Powietrza - wsp\u00f3\u0142praca z przemys\u0142em<\/a>\n\t\t\t\t\t<\/div>\n\t\t\t\t\t<div id=\"elementor-tab-content-1192\" class=\"elementor-tab-content elementor-clearfix\" data-tab=\"2\" role=\"region\" aria-labelledby=\"elementor-tab-title-1192\"><ul>\n<li>Badanie opor\u00f3w przep\u0142ywu i charakterystyk przep\u0142ywowych urz\u0105dze\u0144 ogrzewczych i wentylacyjnych, wymiennik\u00f3w ciep\u0142a, przep\u0142ywomierzy i element\u00f3w armatury<\/li>\n<li>Wymiana ciep\u0142a w elementach urz\u0105dze\u0144 grzewczych i wentylacyjnych oraz w wymiennikach ciep\u0142a<\/li>\n<li>Badania i modelowanie pola temperatury gruntu oraz gruntowych wymiennik\u00f3w ciep\u0142a<\/li>\n<li>Badania i analiza pracy element\u00f3w sieci i w\u0119z\u0142\u00f3w ciep\u0142owniczych<\/li>\n<li>Minimalno-energijne sterowanie systemami ogrzewczymi, wentylacyjnymi i klimatyzacyjnymi<\/li>\n<li>Kszta\u0142towanie \u015brodowiska wewn\u0119trznego dla potrzeb ludzi, jak i dla wybranych technologii<\/li>\n<li>Oszcz\u0119dne gospodarowanie energi\u0105<\/li>\n<li>Energooszcz\u0119dne systemy ogrzewcze i klimatyzacyjne<\/li>\n<li>Modelowanie proces\u00f3w cieplnych i przep\u0142ywowych w budynkach i instalacjach<\/li>\n<li>Ochrona cieplna budynk\u00f3w i jej wp\u0142yw na zapotrzebowanie energii<\/li>\n<li>Systemy i urz\u0105dzenia ochrony powietrza<\/li>\n<li>Technologie oczyszczania spalin i gaz\u00f3w odlotowych<\/li>\n<li>Termiczna utylizacja odpad\u00f3w drzewnych<\/li>\n<li>&#8230; i inne, zapraszamy do kontaktu (<a href=\"https:\/\/ee2.put.poznan.pl\/index.php\/o-instytucie\/kontakt\/\"><span style=\"font-weight: bold;\">LINK &#8211; kontakt<\/span><\/a>)<\/li>\n<\/ul><\/div>\n\t\t\t\t<\/div>\n\t\t\t\t\t\t\t\t<\/div>\n\t\t\t\t\t\t<\/div>\n\t\t\t\t<\/div>\n\t\t\t\t<div class=\"elementor-element elementor-element-28f9de5 elementor-widget elementor-widget-text-editor\" data-id=\"28f9de5\" data-element_type=\"widget\" data-widget_type=\"text-editor.default\">\n\t\t\t\t<div class=\"elementor-widget-container\">\n\t\t\t\t\t\t\t\t\t<p style=\"text-align: left\"><strong><a href=\"https:\/\/ee2.put.poznan.pl\/index.php\/o-instytucie\/kontakt\/\">Przejd\u017a do zak\u0142adki Kontakt<\/a><\/strong><\/p>\t\t\t\t\t\t\t\t<\/div>\n\t\t\t\t<\/div>\n\t\t\t\t\t<\/div>\n\t\t<\/div>\n\t\t\t\t<div class=\"elementor-column elementor-col-33 elementor-top-column elementor-element elementor-element-12bec61\" data-id=\"12bec61\" data-element_type=\"column\">\n\t\t\t<div class=\"elementor-widget-wrap elementor-element-populated\">\n\t\t\t\t\t\t<div class=\"elementor-element elementor-element-bca24fe elementor-widget elementor-widget-image\" data-id=\"bca24fe\" data-element_type=\"widget\" data-widget_type=\"image.default\">\n\t\t\t\t<div class=\"elementor-widget-container\">\n\t\t\t\t\t\t\t\t\t\t\t\t\t\t\t<img fetchpriority=\"high\" decoding=\"async\" width=\"924\" height=\"616\" src=\"https:\/\/ee2.put.poznan.pl\/wp-content\/uploads\/2023\/02\/jpg-labozww.jpg\" class=\"attachment-large size-large wp-image-236\" alt=\"\" srcset=\"https:\/\/ee2.put.poznan.pl\/wp-content\/uploads\/2023\/02\/jpg-labozww.jpg 924w, https:\/\/ee2.put.poznan.pl\/wp-content\/uploads\/2023\/02\/jpg-labozww-300x200.jpg 300w, https:\/\/ee2.put.poznan.pl\/wp-content\/uploads\/2023\/02\/jpg-labozww-768x512.jpg 768w, https:\/\/ee2.put.poznan.pl\/wp-content\/uploads\/2023\/02\/jpg-labozww-525x350.jpg 525w\" sizes=\"(max-width: 924px) 100vw, 924px\" \/>\t\t\t\t\t\t\t\t\t\t\t\t\t\t\t<\/div>\n\t\t\t\t<\/div>\n\t\t\t\t<div class=\"elementor-element elementor-element-510f7ba elementor-widget elementor-widget-image\" data-id=\"510f7ba\" data-element_type=\"widget\" data-widget_type=\"image.default\">\n\t\t\t\t<div class=\"elementor-widget-container\">\n\t\t\t\t\t\t\t\t\t\t\t\t\t\t\t<img decoding=\"async\" width=\"1019\" height=\"744\" src=\"https:\/\/ee2.put.poznan.pl\/wp-content\/uploads\/2024\/01\/stacjabaf-1024x748.jpg\" class=\"attachment-large size-large wp-image-2115\" alt=\"\" srcset=\"https:\/\/ee2.put.poznan.pl\/wp-content\/uploads\/2024\/01\/stacjabaf-1024x748.jpg 1024w, https:\/\/ee2.put.poznan.pl\/wp-content\/uploads\/2024\/01\/stacjabaf-300x219.jpg 300w, https:\/\/ee2.put.poznan.pl\/wp-content\/uploads\/2024\/01\/stacjabaf-768x561.jpg 768w, https:\/\/ee2.put.poznan.pl\/wp-content\/uploads\/2024\/01\/stacjabaf-1096x800.jpg 1096w, https:\/\/ee2.put.poznan.pl\/wp-content\/uploads\/2024\/01\/stacjabaf.jpg 1115w\" sizes=\"(max-width: 1019px) 100vw, 1019px\" \/>\t\t\t\t\t\t\t\t\t\t\t\t\t\t\t<\/div>\n\t\t\t\t<\/div>\n\t\t\t\t<div class=\"elementor-element elementor-element-87839e1 elementor-widget elementor-widget-image\" data-id=\"87839e1\" data-element_type=\"widget\" data-widget_type=\"image.default\">\n\t\t\t\t<div class=\"elementor-widget-container\">\n\t\t\t\t\t\t\t\t\t\t\t\t\t\t\t<img decoding=\"async\" width=\"737\" height=\"608\" src=\"https:\/\/ee2.put.poznan.pl\/wp-content\/uploads\/2024\/01\/epanet_model1.jpg\" class=\"attachment-large size-large wp-image-2114\" alt=\"\" srcset=\"https:\/\/ee2.put.poznan.pl\/wp-content\/uploads\/2024\/01\/epanet_model1.jpg 737w, https:\/\/ee2.put.poznan.pl\/wp-content\/uploads\/2024\/01\/epanet_model1-300x247.jpg 300w\" sizes=\"(max-width: 737px) 100vw, 737px\" \/>\t\t\t\t\t\t\t\t\t\t\t\t\t\t\t<\/div>\n\t\t\t\t<\/div>\n\t\t\t\t<div class=\"elementor-element elementor-element-f858ea9 elementor-widget elementor-widget-image\" data-id=\"f858ea9\" data-element_type=\"widget\" data-widget_type=\"image.default\">\n\t\t\t\t<div class=\"elementor-widget-container\">\n\t\t\t\t\t\t\t\t\t\t\t\t\t\t\t<img loading=\"lazy\" decoding=\"async\" width=\"924\" height=\"616\" src=\"https:\/\/ee2.put.poznan.pl\/wp-content\/uploads\/2023\/02\/jpg-centrala.jpg\" class=\"attachment-large size-large wp-image-235\" alt=\"\" srcset=\"https:\/\/ee2.put.poznan.pl\/wp-content\/uploads\/2023\/02\/jpg-centrala.jpg 924w, https:\/\/ee2.put.poznan.pl\/wp-content\/uploads\/2023\/02\/jpg-centrala-300x200.jpg 300w, https:\/\/ee2.put.poznan.pl\/wp-content\/uploads\/2023\/02\/jpg-centrala-768x512.jpg 768w, https:\/\/ee2.put.poznan.pl\/wp-content\/uploads\/2023\/02\/jpg-centrala-525x350.jpg 525w\" sizes=\"(max-width: 924px) 100vw, 924px\" \/>\t\t\t\t\t\t\t\t\t\t\t\t\t\t\t<\/div>\n\t\t\t\t<\/div>\n\t\t\t\t\t<\/div>\n\t\t<\/div>\n\t\t\t\t<div class=\"elementor-column elementor-col-33 elementor-top-column elementor-element elementor-element-c49e52e\" data-id=\"c49e52e\" data-element_type=\"column\">\n\t\t\t<div class=\"elementor-widget-wrap elementor-element-populated\">\n\t\t\t\t\t\t<div class=\"elementor-element elementor-element-8d79a99 elementor-widget elementor-widget-image\" data-id=\"8d79a99\" data-element_type=\"widget\" data-widget_type=\"image.default\">\n\t\t\t\t<div class=\"elementor-widget-container\">\n\t\t\t\t\t\t\t\t\t\t\t\t\t\t\t<img loading=\"lazy\" decoding=\"async\" width=\"1019\" height=\"680\" src=\"https:\/\/ee2.put.poznan.pl\/wp-content\/uploads\/2023\/02\/MG_1207-PS-1024x683.jpg\" class=\"attachment-large size-large wp-image-382\" alt=\"\" srcset=\"https:\/\/ee2.put.poznan.pl\/wp-content\/uploads\/2023\/02\/MG_1207-PS-1024x683.jpg 1024w, https:\/\/ee2.put.poznan.pl\/wp-content\/uploads\/2023\/02\/MG_1207-PS-300x200.jpg 300w, https:\/\/ee2.put.poznan.pl\/wp-content\/uploads\/2023\/02\/MG_1207-PS-768x512.jpg 768w, https:\/\/ee2.put.poznan.pl\/wp-content\/uploads\/2023\/02\/MG_1207-PS-1536x1024.jpg 1536w, https:\/\/ee2.put.poznan.pl\/wp-content\/uploads\/2023\/02\/MG_1207-PS-2048x1365.jpg 2048w, https:\/\/ee2.put.poznan.pl\/wp-content\/uploads\/2023\/02\/MG_1207-PS-525x350.jpg 525w\" sizes=\"(max-width: 1019px) 100vw, 1019px\" \/>\t\t\t\t\t\t\t\t\t\t\t\t\t\t\t<\/div>\n\t\t\t\t<\/div>\n\t\t\t\t<div class=\"elementor-element elementor-element-73470c7 elementor-widget elementor-widget-image\" data-id=\"73470c7\" data-element_type=\"widget\" data-widget_type=\"image.default\">\n\t\t\t\t<div class=\"elementor-widget-container\">\n\t\t\t\t\t\t\t\t\t\t\t\t\t\t\t<img loading=\"lazy\" decoding=\"async\" width=\"425\" height=\"578\" src=\"https:\/\/ee2.put.poznan.pl\/wp-content\/uploads\/2024\/01\/2024-01-22_00h23_50.jpg\" class=\"attachment-large size-large wp-image-2104\" alt=\"\" srcset=\"https:\/\/ee2.put.poznan.pl\/wp-content\/uploads\/2024\/01\/2024-01-22_00h23_50.jpg 425w, https:\/\/ee2.put.poznan.pl\/wp-content\/uploads\/2024\/01\/2024-01-22_00h23_50-221x300.jpg 221w\" sizes=\"(max-width: 425px) 100vw, 425px\" \/>\t\t\t\t\t\t\t\t\t\t\t\t\t\t\t<\/div>\n\t\t\t\t<\/div>\n\t\t\t\t<div class=\"elementor-element elementor-element-f7a8141 elementor-widget elementor-widget-image\" data-id=\"f7a8141\" data-element_type=\"widget\" data-widget_type=\"image.default\">\n\t\t\t\t<div class=\"elementor-widget-container\">\n\t\t\t\t\t\t\t\t\t\t\t\t\t\t\t<img loading=\"lazy\" decoding=\"async\" width=\"768\" height=\"1024\" src=\"https:\/\/ee2.put.poznan.pl\/wp-content\/uploads\/2023\/12\/pyranometrdach-768x1024.jpg\" class=\"attachment-large size-large wp-image-1427\" alt=\"\" srcset=\"https:\/\/ee2.put.poznan.pl\/wp-content\/uploads\/2023\/12\/pyranometrdach-768x1024.jpg 768w, https:\/\/ee2.put.poznan.pl\/wp-content\/uploads\/2023\/12\/pyranometrdach-225x300.jpg 225w, https:\/\/ee2.put.poznan.pl\/wp-content\/uploads\/2023\/12\/pyranometrdach-1152x1536.jpg 1152w, https:\/\/ee2.put.poznan.pl\/wp-content\/uploads\/2023\/12\/pyranometrdach-1536x2048.jpg 1536w, https:\/\/ee2.put.poznan.pl\/wp-content\/uploads\/2023\/12\/pyranometrdach-263x350.jpg 263w, https:\/\/ee2.put.poznan.pl\/wp-content\/uploads\/2023\/12\/pyranometrdach-scaled.jpg 1920w\" sizes=\"(max-width: 768px) 100vw, 768px\" \/>\t\t\t\t\t\t\t\t\t\t\t\t\t\t\t<\/div>\n\t\t\t\t<\/div>\n\t\t\t\t\t<\/div>\n\t\t<\/div>\n\t\t\t\t\t<\/div>\n\t\t<\/section>\n\t\t\t\t<\/div>\n\t\t","protected":false},"excerpt":{"rendered":"<p>Dzia\u0142alno\u015b\u0107 Instytutu obejmuje wsp\u00f3\u0142prac\u0119 z otoczeniem spo\u0142eczno-gospodarczym\u00a0w zakresie realizacji analiz pomiarowych, symulacyjnych, zada\u0144 optymalizacyjnych, audyt\u00f3w i opinii eksperckich. Przyk\u0142adowe analizy teoretyczne, zadania pomiarowe, prace optymalizacyjne, kt\u00f3re mog\u0105 zosta\u0107 zrealizowane we wsp\u00f3\u0142pracy z Instytutem zestawiono poni\u017cej (listy rozwijane po klikni\u0119ciu na nazw\u0119 zak\u0142adu).\u00a0 Zak\u0142ad Zaopatrzenia w Wod\u0119 i Biogospodarki &#8211; wsp\u00f3\u0142praca &hellip;<\/p>\n","protected":false},"author":2,"featured_media":0,"parent":271,"menu_order":0,"comment_status":"closed","ping_status":"closed","template":"","meta":{"_monsterinsights_skip_tracking":false,"_monsterinsights_sitenote_active":false,"_monsterinsights_sitenote_note":"","_monsterinsights_sitenote_category":0,"footnotes":""},"class_list":["post-273","page","type-page","status-publish","hentry"],"_links":{"self":[{"href":"https:\/\/ee2.put.poznan.pl\/index.php\/wp-json\/wp\/v2\/pages\/273","targetHints":{"allow":["GET"]}}],"collection":[{"href":"https:\/\/ee2.put.poznan.pl\/index.php\/wp-json\/wp\/v2\/pages"}],"about":[{"href":"https:\/\/ee2.put.poznan.pl\/index.php\/wp-json\/wp\/v2\/types\/page"}],"author":[{"embeddable":true,"href":"https:\/\/ee2.put.poznan.pl\/index.php\/wp-json\/wp\/v2\/users\/2"}],"replies":[{"embeddable":true,"href":"https:\/\/ee2.put.poznan.pl\/index.php\/wp-json\/wp\/v2\/comments?post=273"}],"version-history":[{"count":42,"href":"https:\/\/ee2.put.poznan.pl\/index.php\/wp-json\/wp\/v2\/pages\/273\/revisions"}],"predecessor-version":[{"id":2142,"href":"https:\/\/ee2.put.poznan.pl\/index.php\/wp-json\/wp\/v2\/pages\/273\/revisions\/2142"}],"up":[{"embeddable":true,"href":"https:\/\/ee2.put.poznan.pl\/index.php\/wp-json\/wp\/v2\/pages\/271"}],"wp:attachment":[{"href":"https:\/\/ee2.put.poznan.pl\/index.php\/wp-json\/wp\/v2\/media?parent=273"}],"curies":[{"name":"wp","href":"https:\/\/api.w.org\/{rel}","templated":true}]}}