{"id":514,"date":"2023-02-27T22:31:22","date_gmt":"2023-02-27T22:31:22","guid":{"rendered":"https:\/\/ee2.put.poznan.pl\/?page_id=514"},"modified":"2024-01-22T00:25:13","modified_gmt":"2024-01-22T00:25:13","slug":"strefa-socjalna","status":"publish","type":"page","link":"https:\/\/ee2.put.poznan.pl\/index.php\/student\/strefa-socjalna\/","title":{"rendered":"Strefa socjalna"},"content":{"rendered":"\t\t<div data-elementor-type=\"wp-page\" data-elementor-id=\"514\" class=\"elementor elementor-514\">\n\t\t\t\t\t\t<section class=\"elementor-section elementor-top-section elementor-element elementor-element-26f614d elementor-section-full_width elementor-section-height-default elementor-section-height-default\" data-id=\"26f614d\" data-element_type=\"section\">\n\t\t\t\t\t\t<div class=\"elementor-container elementor-column-gap-default\">\n\t\t\t\t\t<div class=\"elementor-column elementor-col-50 elementor-top-column elementor-element elementor-element-22afb50\" data-id=\"22afb50\" data-element_type=\"column\">\n\t\t\t<div class=\"elementor-widget-wrap elementor-element-populated\">\n\t\t\t\t\t\t<div class=\"elementor-element elementor-element-60c4f3d elementor-widget elementor-widget-text-editor\" data-id=\"60c4f3d\" data-element_type=\"widget\" data-widget_type=\"text-editor.default\">\n\t\t\t\t<div class=\"elementor-widget-container\">\n\t\t\t\t\t\t\t\t\t<ul><li>Dost\u0119pne s\u0105 stypendia Rektora, socjalne, dla os\u00f3b z niepe\u0142nosprawno\u015bciami, zapomogi. Stypendia Ministra i dla doktorant\u00f3w. Wi\u0119cej informacji &#8211; <strong><a href=\"https:\/\/www.put.poznan.pl\/swiadczenia-i-stypendia-0\" target=\"_blank\" rel=\"noreferrer noopener\">\u015awiadczenia i stypendia<\/a><\/strong><\/li><li>Studenci mog\u0105 ubiega\u0107 si\u0119 o kredyt Studencki. Wi\u0119cej informacji &#8211; <strong><a href=\"https:\/\/www.put.poznan.pl\/kredyt-studencki\" target=\"_blank\" rel=\"noreferrer noopener\">Kredyt studencki<\/a><\/strong><\/li><li>Mo\u017cliwe jest zawarcie dobrowolnego ubezpieczenia NNW na ca\u0142y rok akademicki. Wi\u0119cej informacji &#8211; <strong><a href=\"https:\/\/www.put.poznan.pl\/ubezpieczenie-nnw\" target=\"_blank\" rel=\"noreferrer noopener\">Ubezpieczenie NNW<\/a><\/strong><\/li><li>Politechnika Pozna\u0144ska dysponuje sze\u015bcioma Domami Studenckimi, w kt\u00f3rych jest prawie 2000 miejsc dla student\u00f3w w pokojach 1-, 2- i 3-osobowych. Wi\u0119cej informacji &#8211; <strong><a href=\"https:\/\/put.poznan.pl\/domy-studenckie\" target=\"_blank\" rel=\"noopener\">Domy studenckie<\/a><\/strong><\/li><\/ul><div>\u00a0<\/div>\t\t\t\t\t\t\t\t<\/div>\n\t\t\t\t<\/div>\n\t\t\t\t\t<\/div>\n\t\t<\/div>\n\t\t\t\t<div class=\"elementor-column elementor-col-50 elementor-top-column elementor-element elementor-element-4151a17\" data-id=\"4151a17\" data-element_type=\"column\">\n\t\t\t<div class=\"elementor-widget-wrap elementor-element-populated\">\n\t\t\t\t\t\t<div class=\"elementor-element elementor-element-9c1aefd elementor-widget elementor-widget-wp-widget-nav_menu\" data-id=\"9c1aefd\" data-element_type=\"widget\" data-widget_type=\"wp-widget-nav_menu.default\">\n\t\t\t\t<div class=\"elementor-widget-container\">\n\t\t\t\t\t<div class=\"menu-menu-boczne-kandydat_student-container\"><ul id=\"menu-menu-boczne-kandydat_student\" class=\"menu\"><li id=\"menu-item-485\" class=\"menu-item menu-item-type-post_type menu-item-object-page menu-item-has-children menu-item-485\"><a href=\"https:\/\/ee2.put.poznan.pl\/index.php\/o-kierunku\/\">Kandydat<\/a>\n<ul class=\"sub-menu\">\n\t<li id=\"menu-item-501\" class=\"menu-item menu-item-type-post_type menu-item-object-page menu-item-501\"><a href=\"https:\/\/ee2.put.poznan.pl\/index.php\/o-kierunku\/\">O kierunku<\/a><\/li>\n\t<li id=\"menu-item-486\" class=\"menu-item menu-item-type-post_type menu-item-object-page menu-item-486\"><a href=\"https:\/\/ee2.put.poznan.pl\/index.php\/o-kierunku\/oferta_i_baza_dydaktyczna\/\">Oferta i baza dydaktyczna<\/a><\/li>\n\t<li id=\"menu-item-1363\" class=\"menu-item menu-item-type-post_type menu-item-object-page menu-item-1363\"><a href=\"https:\/\/ee2.put.poznan.pl\/index.php\/o-kierunku\/rekrutacja\/\">Rekrutacja<\/a><\/li>\n\t<li id=\"menu-item-2314\" class=\"menu-item menu-item-type-post_type menu-item-object-page menu-item-2314\"><a href=\"https:\/\/ee2.put.poznan.pl\/index.php\/o-kierunku\/studia-podyplomowe\/\">Studia podyplomowe<\/a><\/li>\n<\/ul>\n<\/li>\n<li id=\"menu-item-1634\" class=\"menu-item menu-item-type-post_type menu-item-object-page menu-item-has-children menu-item-1634\"><a href=\"https:\/\/ee2.put.poznan.pl\/index.php\/student\/rok-akademicki\/\">Student<\/a>\n<ul class=\"sub-menu\">\n\t<li id=\"menu-item-562\" class=\"menu-item menu-item-type-post_type menu-item-object-page menu-item-562\"><a href=\"https:\/\/ee2.put.poznan.pl\/index.php\/student\/rok-akademicki\/\">Bie\u017c\u0105cy semestr<\/a><\/li>\n\t<li id=\"menu-item-561\" class=\"menu-item menu-item-type-post_type menu-item-object-page menu-item-561\"><a href=\"https:\/\/ee2.put.poznan.pl\/index.php\/student\/organizacja-studiow\/\">Organizacja studi\u00f3w<\/a><\/li>\n\t<li id=\"menu-item-563\" class=\"menu-item menu-item-type-post_type menu-item-object-page menu-item-563\"><a href=\"https:\/\/ee2.put.poznan.pl\/index.php\/student\/strefa-socjalna\/\">Strefa socjalna<\/a><\/li>\n\t<li id=\"menu-item-560\" class=\"menu-item menu-item-type-post_type menu-item-object-page menu-item-560\"><a href=\"https:\/\/ee2.put.poznan.pl\/index.php\/student\/dodatkowe-aktywnosci\/\">Dodatkowe aktywno\u015bci<\/a><\/li>\n\t<li id=\"menu-item-1630\" class=\"menu-item menu-item-type-post_type menu-item-object-page menu-item-1630\"><a href=\"https:\/\/ee2.put.poznan.pl\/index.php\/student\/oferty-pracy-stazy-praktyk\/\">Oferty pracy, sta\u017cy, praktyk<\/a><\/li>\n<\/ul>\n<\/li>\n<\/ul><\/div>\t\t\t\t<\/div>\n\t\t\t\t<\/div>\n\t\t\t\t\t<\/div>\n\t\t<\/div>\n\t\t\t\t\t<\/div>\n\t\t<\/section>\n\t\t\t\t<section class=\"elementor-section elementor-top-section elementor-element elementor-element-79954819 elementor-section-boxed elementor-section-height-default elementor-section-height-default\" data-id=\"79954819\" data-element_type=\"section\">\n\t\t\t\t\t\t<div class=\"elementor-container elementor-column-gap-default\">\n\t\t\t\t\t<div class=\"elementor-column elementor-col-100 elementor-top-column elementor-element elementor-element-a24168a\" data-id=\"a24168a\" data-element_type=\"column\">\n\t\t\t<div class=\"elementor-widget-wrap\">\n\t\t\t\t\t\t\t<\/div>\n\t\t<\/div>\n\t\t\t\t\t<\/div>\n\t\t<\/section>\n\t\t\t\t<\/div>\n\t\t","protected":false},"excerpt":{"rendered":"<p>Dost\u0119pne s\u0105 stypendia Rektora, socjalne, dla os\u00f3b z niepe\u0142nosprawno\u015bciami, zapomogi. Stypendia Ministra i dla doktorant\u00f3w. Wi\u0119cej informacji &#8211; \u015awiadczenia i stypendia Studenci mog\u0105 ubiega\u0107 si\u0119 o kredyt Studencki. Wi\u0119cej informacji &#8211; Kredyt studencki Mo\u017cliwe jest zawarcie dobrowolnego ubezpieczenia NNW na ca\u0142y rok akademicki. Wi\u0119cej informacji &#8211; Ubezpieczenie NNW Politechnika Pozna\u0144ska &hellip;<\/p>\n","protected":false},"author":2,"featured_media":0,"parent":503,"menu_order":0,"comment_status":"closed","ping_status":"closed","template":"","meta":{"_monsterinsights_skip_tracking":false,"_monsterinsights_sitenote_active":false,"_monsterinsights_sitenote_note":"","_monsterinsights_sitenote_category":0,"footnotes":""},"class_list":["post-514","page","type-page","status-publish","hentry"],"_links":{"self":[{"href":"https:\/\/ee2.put.poznan.pl\/index.php\/wp-json\/wp\/v2\/pages\/514","targetHints":{"allow":["GET"]}}],"collection":[{"href":"https:\/\/ee2.put.poznan.pl\/index.php\/wp-json\/wp\/v2\/pages"}],"about":[{"href":"https:\/\/ee2.put.poznan.pl\/index.php\/wp-json\/wp\/v2\/types\/page"}],"author":[{"embeddable":true,"href":"https:\/\/ee2.put.poznan.pl\/index.php\/wp-json\/wp\/v2\/users\/2"}],"replies":[{"embeddable":true,"href":"https:\/\/ee2.put.poznan.pl\/index.php\/wp-json\/wp\/v2\/comments?post=514"}],"version-history":[{"count":28,"href":"https:\/\/ee2.put.poznan.pl\/index.php\/wp-json\/wp\/v2\/pages\/514\/revisions"}],"predecessor-version":[{"id":1963,"href":"https:\/\/ee2.put.poznan.pl\/index.php\/wp-json\/wp\/v2\/pages\/514\/revisions\/1963"}],"up":[{"embeddable":true,"href":"https:\/\/ee2.put.poznan.pl\/index.php\/wp-json\/wp\/v2\/pages\/503"}],"wp:attachment":[{"href":"https:\/\/ee2.put.poznan.pl\/index.php\/wp-json\/wp\/v2\/media?parent=514"}],"curies":[{"name":"wp","href":"https:\/\/api.w.org\/{rel}","templated":true}]}}